{"id":13786,"date":"2017-12-29T21:22:20","date_gmt":"2017-12-29T21:22:20","guid":{"rendered":"http:\/\/ciudadanosdelmundo.org\/sitio\/?page_id=13786"},"modified":"2019-09-12T22:02:58","modified_gmt":"2019-09-12T22:02:58","slug":"transparencia","status":"publish","type":"page","link":"https:\/\/ciudadanosdelmundo.org\/?page_id=13786","title":{"rendered":"Transparencia"},"content":{"rendered":"<p>[vc_section][vc_row][vc_column column_padding=\u00bbpadding-5&#8243; column_center=\u00bbtrue\u00bb width=\u00bb1\/3&#8243;]<h3 class=\"headline font-inherit fontsize-xl fontweight-600 lh-inherit align-left transform-uppercase \" style=\"margin: 0 0 20px 0;\">EL PROYECTO<\/h3><div class=\"newdivider align-left\" style=\"border-bottom-style: solid; border-color: #00aeef; border-bottom-width: 3px; margin-top: 0; margin-bottom: 0; width: 120px; \"><\/div><div class=\"clear\"><\/div>[\/vc_column][vc_column width=\u00bb2\/3&#8243;][vc_column_text]<\/p>\n<p class=\"p1\"><span class=\"s1\">El trabajo sobre transparencia es un \u00e1rea nueva que la Fundaci\u00f3n implementa a partir de agosto de 2017.<\/span><\/p>\n<p class=\"p1\"><span class=\"s1\">Ello implica el lanzamiento en breve de una convocatoria para organizar el \u00e1rea y planificar tareas que colaboren con el desarrollo de esta tem\u00e1tica, tan importante pero tan poco desarrollada en la Rep\u00fablica Argentina.<\/span><\/p>\n<p>[\/vc_column_text][\/vc_column][\/vc_row][\/vc_section][vc_section full_width=\u00bbstretch_row\u00bb css=\u00bb.vc_custom_1514581424543{background-color: #f7f7f7 !important;}\u00bb][vc_row][vc_column column_padding=\u00bbpadding-5&#8243; column_center=\u00bbtrue\u00bb width=\u00bb2\/3&#8243;][vc_column_text]<\/p>\n<p class=\"p1\"><span class=\"s1\">La Fundaci\u00f3n planea realizar talleres, foros y conferencias sobre transparencia, para difundir y concientizar sobre la necesidad de que las organizaciones cuenten con mecanismos internos de control de buenas pr\u00e1cticas operativas que eviten la corrupci\u00f3n y mejoren la eficiencia.<\/span><\/p>\n<p>[\/vc_column_text][\/vc_column][vc_column width=\u00bb1\/3&#8243;]<h3 class=\"headline font-inherit fontsize-xl fontweight-600 lh-inherit align-left transform-uppercase \" style=\"margin: 0 0 20px 0;\">Foros<\/h3><div class=\"newdivider align-left\" style=\"border-bottom-style: solid; border-color: #00aeef; border-bottom-width: 3px; margin-top: 0; margin-bottom: 0; width: 120px; \"><\/div><div class=\"clear\"><\/div>[\/vc_column][\/vc_row][\/vc_section][vc_section][vc_row][vc_column column_padding=\u00bbpadding-5&#8243; column_center=\u00bbtrue\u00bb width=\u00bb1\/3&#8243;]<h3 class=\"headline font-inherit fontsize-xl fontweight-600 lh-inherit align-left transform-uppercase \" style=\"margin: 0 0 20px 0;\">Certificados<\/h3><div class=\"newdivider align-left\" style=\"border-bottom-style: solid; border-color: #00aeef; border-bottom-width: 3px; margin-top: 0; margin-bottom: 0; width: 120px; \"><\/div><div class=\"clear\"><\/div>[\/vc_column][vc_column width=\u00bb2\/3&#8243;][vc_column_text]<\/p>\n<p class=\"p1\"><span class=\"s1\">La Fundaci\u00f3n ha desarrollado un proceso de certificaci\u00f3n en esta tem\u00e1tica para instituciones y organizaciones.<\/span><\/p>\n<p class=\"p1\"><span class=\"s1\">Ello implica el desarrollo de foros, capacitaciones, evaluaciones y certificaci\u00f3n final dentro de una din\u00e1mica establecida por convenio entre las partes.<\/span><\/p>\n<p class=\"p1\"><span class=\"s1\">En breve la Fundaci\u00f3n pondr\u00e1 a disposici\u00f3n de los interesados las herramientas para acceder a estas certificaciones.<\/span><\/p>\n<p>[\/vc_column_text][\/vc_column][\/vc_row][\/vc_section]<\/p>\n","protected":false},"excerpt":{"rendered":"<p>[vc_section][vc_row][vc_column column_padding=\u00bbpadding-5&#8243; column_center=\u00bbtrue\u00bb width=\u00bb1\/3&#8243;][\/vc_column][vc_column width=\u00bb2\/3&#8243;][vc_column_text] El trabajo sobre transparencia es un \u00e1rea nueva que la Fundaci\u00f3n implementa a partir de agosto de 2017. Ello implica el lanzamiento en breve de una convocatoria para organizar el \u00e1rea y planificar tareas que colaboren con el desarrollo de esta tem\u00e1tica, tan importante pero tan poco desarrollada en la Rep\u00fablica Argentina. [\/vc_column_text][\/vc_column][\/vc_row][\/vc_section][vc_section full_width=\u00bbstretch_row\u00bb css=\u00bb.vc_custom_1514581424543{background-color: #f7f7f7 !important;}\u00bb][vc_row][vc_column column_padding=\u00bbpadding-5&#8243; column_center=\u00bbtrue\u00bb width=\u00bb2\/3&#8243;][vc_column_text] La Fundaci\u00f3n planea realizar talleres, foros y conferencias sobre transparencia, para difundir y concientizar sobre la necesidad de que las organizaciones cuenten con mecanismos internos de control de buenas pr\u00e1cticas operativas que eviten la corrupci\u00f3n y mejoren la eficiencia. [\/vc_column_text][\/vc_column][vc_column width=\u00bb1\/3&#8243;][\/vc_column][\/vc_row][\/vc_section][vc_section][vc_row][vc_column column_padding=\u00bbpadding-5&#8243; column_center=\u00bbtrue\u00bb width=\u00bb1\/3&#8243;][\/vc_column][vc_column width=\u00bb2\/3&#8243;][vc_column_text] La Fundaci\u00f3n ha desarrollado un proceso de certificaci\u00f3n en esta tem\u00e1tica para instituciones y organizaciones. Ello implica el desarrollo de foros, capacitaciones, evaluaciones y certificaci\u00f3n final dentro de una din\u00e1mica establecida por convenio entre las partes. En breve la Fundaci\u00f3n pondr\u00e1 a disposici\u00f3n de los interesados las herramientas para acceder a estas certificaciones. [\/vc_column_text][\/vc_column][\/vc_row][\/vc_section]<\/p>\n","protected":false},"author":1,"featured_media":0,"parent":0,"menu_order":0,"comment_status":"closed","ping_status":"closed","template":"","meta":{"footnotes":""},"class_list":["post-13786","page","type-page","status-publish","hentry"],"_links":{"self":[{"href":"https:\/\/ciudadanosdelmundo.org\/index.php?rest_route=\/wp\/v2\/pages\/13786","targetHints":{"allow":["GET"]}}],"collection":[{"href":"https:\/\/ciudadanosdelmundo.org\/index.php?rest_route=\/wp\/v2\/pages"}],"about":[{"href":"https:\/\/ciudadanosdelmundo.org\/index.php?rest_route=\/wp\/v2\/types\/page"}],"author":[{"embeddable":true,"href":"https:\/\/ciudadanosdelmundo.org\/index.php?rest_route=\/wp\/v2\/users\/1"}],"replies":[{"embeddable":true,"href":"https:\/\/ciudadanosdelmundo.org\/index.php?rest_route=%2Fwp%2Fv2%2Fcomments&post=13786"}],"version-history":[{"count":5,"href":"https:\/\/ciudadanosdelmundo.org\/index.php?rest_route=\/wp\/v2\/pages\/13786\/revisions"}],"predecessor-version":[{"id":13907,"href":"https:\/\/ciudadanosdelmundo.org\/index.php?rest_route=\/wp\/v2\/pages\/13786\/revisions\/13907"}],"wp:attachment":[{"href":"https:\/\/ciudadanosdelmundo.org\/index.php?rest_route=%2Fwp%2Fv2%2Fmedia&parent=13786"}],"curies":[{"name":"wp","href":"https:\/\/api.w.org\/{rel}","templated":true}]}}

<p>[vc_section][vc_row][vc_column column_padding=»padding-5&#8243; column_center=»true» width=»1/3&#8243;]<h3 class="headline font-inherit fontsize-xl fontweight-600 lh-inherit align-left transform-uppercase " style="margin: 0 0 20px 0;">EL PROYECTO</h3><div class="newdivider align-left" style="border-bottom-style: solid; border-color: #00aeef; border-bottom-width: 3px; margin-top: 0; margin-bottom: 0; width: 120px; "></div><div class="clear"></div>[/vc_column][vc_column width=»2/3&#8243;][vc_column_text]</p>
<p class="p1"><span class="s1">El trabajo sobre transparencia es un área nueva que la Fundación implementa a partir de agosto de 2017.</span></p>
<p class="p1"><span class="s1">Ello implica el lanzamiento en breve de una convocatoria para organizar el área y planificar tareas que colaboren con el desarrollo de esta temática, tan importante pero tan poco desarrollada en la República Argentina.</span></p>
<p>[/vc_column_text][/vc_column][/vc_row][/vc_section][vc_section full_width=»stretch_row» css=».vc_custom_1514581424543{background-color: #f7f7f7 !important;}»][vc_row][vc_column column_padding=»padding-5&#8243; column_center=»true» width=»2/3&#8243;][vc_column_text]</p>
<p class="p1"><span class="s1">La Fundación planea realizar talleres, foros y conferencias sobre transparencia, para difundir y concientizar sobre la necesidad de que las organizaciones cuenten con mecanismos internos de control de buenas prácticas operativas que eviten la corrupción y mejoren la eficiencia.</span></p>
<p>[/vc_column_text][/vc_column][vc_column width=»1/3&#8243;]<h3 class="headline font-inherit fontsize-xl fontweight-600 lh-inherit align-left transform-uppercase " style="margin: 0 0 20px 0;">Foros</h3><div class="newdivider align-left" style="border-bottom-style: solid; border-color: #00aeef; border-bottom-width: 3px; margin-top: 0; margin-bottom: 0; width: 120px; "></div><div class="clear"></div>[/vc_column][/vc_row][/vc_section][vc_section][vc_row][vc_column column_padding=»padding-5&#8243; column_center=»true» width=»1/3&#8243;]<h3 class="headline font-inherit fontsize-xl fontweight-600 lh-inherit align-left transform-uppercase " style="margin: 0 0 20px 0;">Certificados</h3><div class="newdivider align-left" style="border-bottom-style: solid; border-color: #00aeef; border-bottom-width: 3px; margin-top: 0; margin-bottom: 0; width: 120px; "></div><div class="clear"></div>[/vc_column][vc_column width=»2/3&#8243;][vc_column_text]</p>
<p class="p1"><span class="s1">La Fundación ha desarrollado un proceso de certificación en esta temática para instituciones y organizaciones.</span></p>
<p class="p1"><span class="s1">Ello implica el desarrollo de foros, capacitaciones, evaluaciones y certificación final dentro de una dinámica establecida por convenio entre las partes.</span></p>
<p class="p1"><span class="s1">En breve la Fundación pondrá a disposición de los interesados las herramientas para acceder a estas certificaciones.</span></p>
<p>[/vc_column_text][/vc_column][/vc_row][/vc_section]</p>

<p>[vc_section][vc_row][vc_column column_padding=»padding-5&#8243; column_center=»true» width=»1/3&#8243;][/vc_column][vc_column width=»2/3&#8243;][vc_column_text] El trabajo sobre transparencia es un área nueva que la Fundación implementa a partir de agosto de 2017. Ello implica el lanzamiento en breve de una convocatoria para organizar el área y planificar tareas que colaboren con el desarrollo de esta temática, tan importante pero tan poco desarrollada en la República Argentina. [/vc_column_text][/vc_column][/vc_row][/vc_section][vc_section full_width=»stretch_row» css=».vc_custom_1514581424543{background-color: #f7f7f7 !important;}»][vc_row][vc_column column_padding=»padding-5&#8243; column_center=»true» width=»2/3&#8243;][vc_column_text] La Fundación planea realizar talleres, foros y conferencias sobre transparencia, para difundir y concientizar sobre la necesidad de que las organizaciones cuenten con mecanismos internos de control de buenas prácticas operativas que eviten la corrupción y mejoren la eficiencia. [/vc_column_text][/vc_column][vc_column width=»1/3&#8243;][/vc_column][/vc_row][/vc_section][vc_section][vc_row][vc_column column_padding=»padding-5&#8243; column_center=»true» width=»1/3&#8243;][/vc_column][vc_column width=»2/3&#8243;][vc_column_text] La Fundación ha desarrollado un proceso de certificación en esta temática para instituciones y organizaciones. Ello implica el desarrollo de foros, capacitaciones, evaluaciones y certificación final dentro de una dinámica establecida por convenio entre las partes. En breve la Fundación pondrá a disposición de los interesados las herramientas para acceder a estas certificaciones. [/vc_column_text][/vc_column][/vc_row][/vc_section]</p>
