{"id":13782,"date":"2017-12-29T21:19:45","date_gmt":"2017-12-29T21:19:45","guid":{"rendered":"http:\/\/ciudadanosdelmundo.org\/sitio\/?page_id=13782"},"modified":"2017-12-29T21:19:45","modified_gmt":"2017-12-29T21:19:45","slug":"cultura-de-paz","status":"publish","type":"page","link":"https:\/\/ciudadanosdelmundo.org\/?page_id=13782","title":{"rendered":"Cultura de paz"},"content":{"rendered":"<p>[vc_section][vc_row][vc_column column_padding=\u00bbpadding-5&#8243; column_center=\u00bbtrue\u00bb width=\u00bb1\/3&#8243;]<h3 class=\"headline font-inherit fontsize-xl fontweight-600 lh-inherit align-left transform-uppercase \" style=\"margin: 0 0 20px 0;\">EL PROYECTO<\/h3><div class=\"newdivider align-left\" style=\"border-bottom-style: solid; border-color: #00aeef; border-bottom-width: 3px; margin-top: 0; margin-bottom: 0; width: 120px; \"><\/div><div class=\"clear\"><\/div>[\/vc_column][vc_column width=\u00bb2\/3&#8243;][vc_column_text]<\/p>\n<p class=\"p1\"><span class=\"s1\">El trabajo de cultura de paz es un \u00e1rea nueva que la Fundaci\u00f3n implementa a partir de agosto de 2017.<\/span><\/p>\n<p class=\"p1\"><span class=\"s1\">Ello implica el lanzamiento en breve de una convocatoria para organizar el \u00e1rea y planificar tareas que colaboren con el desarrollo de esta tem\u00e1tica, tan poco conocida y difunda en la Rep\u00fablica Argentina.<\/span><\/p>\n<p>[\/vc_column_text][\/vc_column][\/vc_row][\/vc_section][vc_section full_width=\u00bbstretch_row\u00bb css=\u00bb.vc_custom_1514581424543{background-color: #f7f7f7 !important;}\u00bb][vc_row][vc_column column_padding=\u00bbpadding-5&#8243; column_center=\u00bbtrue\u00bb width=\u00bb2\/3&#8243;][vc_column_text]<\/p>\n<p class=\"p1\"><span class=\"s1\">La Fundaci\u00f3n ha desarrollado un proceso de certificaci\u00f3n en esta tem\u00e1tica para instituciones y organizaciones.<\/span><\/p>\n<p class=\"p1\"><span class=\"s1\">Ello implica el desarrollo de foros, capacitaciones, evaluaciones y certificaci\u00f3n final dentro de una din\u00e1mica establecida por convenio entre las partes.<\/span><\/p>\n<p class=\"p1\"><span class=\"s1\">En breve la Fundaci\u00f3n pondr\u00e1 a disposici\u00f3n de los interesados las herramientas para acceder a estas certificaciones.<\/span><\/p>\n<p>[\/vc_column_text][\/vc_column][vc_column width=\u00bb1\/3&#8243;]<h3 class=\"headline font-inherit fontsize-xl fontweight-600 lh-inherit align-left transform-uppercase \" style=\"margin: 0 0 20px 0;\">Certificaciones<\/h3><div class=\"newdivider align-left\" style=\"border-bottom-style: solid; border-color: #00aeef; border-bottom-width: 3px; margin-top: 0; margin-bottom: 0; width: 120px; \"><\/div><div class=\"clear\"><\/div>[\/vc_column][\/vc_row][\/vc_section][vc_section][vc_row][vc_column column_padding=\u00bbpadding-5&#8243; column_center=\u00bbtrue\u00bb width=\u00bb1\/3&#8243;]<h3 class=\"headline font-inherit fontsize-xl fontweight-600 lh-inherit align-left transform-uppercase \" style=\"margin: 0 0 20px 0;\">Talleres<\/h3><div class=\"newdivider align-left\" style=\"border-bottom-style: solid; border-color: #00aeef; border-bottom-width: 3px; margin-top: 0; margin-bottom: 0; width: 120px; \"><\/div><div class=\"clear\"><\/div>[\/vc_column][vc_column width=\u00bb2\/3&#8243;][vc_column_text]<\/p>\n<p class=\"p1\"><span class=\"s1\">La Fundaci\u00f3n planea realizar talleres, foros y conferencias sobre cultura de paz, para difundir y concientizar sobre la tolerancia, la convivencia y el autocontrol como formas de fomentar una mejor y m\u00e1s segura calidad de vida.<\/span><\/p>\n<p class=\"p1\"><span class=\"s1\">La Cultura de paz forma parte de los compromisos internacionales asumidos por el Gobierno de la Ciudad de Buenos Aires y tambi\u00e9n es importante para la educaci\u00f3n de los ni\u00f1os en edad de primera infancia.<\/span><\/p>\n<p>[\/vc_column_text][\/vc_column][\/vc_row][\/vc_section][vc_section full_width=\u00bbstretch_row\u00bb css=\u00bb.vc_custom_1514582381468{margin-bottom: -40px !important;background-image: url(http:\/\/ciudadanosdelmundo.org\/sitio\/wp-content\/uploads\/2017\/12\/fondo2.jpg?id=13474) !important;background-position: center !important;background-repeat: no-repeat !important;background-size: cover !important;}\u00bb][vc_row text_color=\u00bblight\u00bb text_align=\u00bbcenter\u00bb top_padding=\u00bb60&#8243; bottom_padding=\u00bb60&#8243;][vc_column width=\u00bb1\/1&#8243;]<div class=\"divider-title align-center\" >Divulgaci\u00f3n<\/div>[vc_column_text]<\/p>\n<p class=\"p1\"><span class=\"s1\">La Fundaci\u00f3n articular\u00e1 diversas formas de divulgar los contenidos propios de la cultura de paz, a trav\u00e9s de publicaciones y trabajos de investigaci\u00f3n propios.<\/span><\/p>\n<p>[\/vc_column_text][\/vc_column][\/vc_row][\/vc_section]<\/p>\n","protected":false},"excerpt":{"rendered":"<p>[vc_section][vc_row][vc_column column_padding=\u00bbpadding-5&#8243; column_center=\u00bbtrue\u00bb width=\u00bb1\/3&#8243;][\/vc_column][vc_column width=\u00bb2\/3&#8243;][vc_column_text] El trabajo de cultura de paz es un \u00e1rea nueva que la Fundaci\u00f3n implementa a partir de agosto de 2017. Ello implica el lanzamiento en breve de una convocatoria para organizar el \u00e1rea y planificar tareas que colaboren con el desarrollo de esta tem\u00e1tica, tan poco conocida y difunda en la Rep\u00fablica Argentina. [\/vc_column_text][\/vc_column][\/vc_row][\/vc_section][vc_section full_width=\u00bbstretch_row\u00bb css=\u00bb.vc_custom_1514581424543{background-color: #f7f7f7 !important;}\u00bb][vc_row][vc_column column_padding=\u00bbpadding-5&#8243; column_center=\u00bbtrue\u00bb width=\u00bb2\/3&#8243;][vc_column_text] La Fundaci\u00f3n ha desarrollado un proceso de certificaci\u00f3n en esta tem\u00e1tica para instituciones y organizaciones. Ello implica el desarrollo de foros, capacitaciones, evaluaciones y certificaci\u00f3n final dentro de una din\u00e1mica establecida por convenio entre las partes. En breve la Fundaci\u00f3n pondr\u00e1 a disposici\u00f3n de los interesados las herramientas para acceder a estas certificaciones. [\/vc_column_text][\/vc_column][vc_column width=\u00bb1\/3&#8243;][\/vc_column][\/vc_row][\/vc_section][vc_section][vc_row][vc_column column_padding=\u00bbpadding-5&#8243; column_center=\u00bbtrue\u00bb width=\u00bb1\/3&#8243;][\/vc_column][vc_column width=\u00bb2\/3&#8243;][vc_column_text] La Fundaci\u00f3n planea realizar talleres, foros y conferencias sobre cultura de paz, para difundir y concientizar sobre la tolerancia, la convivencia y el autocontrol como formas de fomentar una mejor y m\u00e1s segura calidad de vida. La Cultura de paz forma parte de los compromisos internacionales asumidos por el Gobierno de la Ciudad de Buenos Aires y tambi\u00e9n es importante para la educaci\u00f3n de los ni\u00f1os en edad de primera infancia. [\/vc_column_text][\/vc_column][\/vc_row][\/vc_section][vc_section full_width=\u00bbstretch_row\u00bb css=\u00bb.vc_custom_1514582381468{margin-bottom: -40px [&hellip;]<\/p>\n","protected":false},"author":1,"featured_media":0,"parent":0,"menu_order":0,"comment_status":"closed","ping_status":"closed","template":"","meta":{"footnotes":""},"class_list":["post-13782","page","type-page","status-publish","hentry"],"_links":{"self":[{"href":"https:\/\/ciudadanosdelmundo.org\/index.php?rest_route=\/wp\/v2\/pages\/13782","targetHints":{"allow":["GET"]}}],"collection":[{"href":"https:\/\/ciudadanosdelmundo.org\/index.php?rest_route=\/wp\/v2\/pages"}],"about":[{"href":"https:\/\/ciudadanosdelmundo.org\/index.php?rest_route=\/wp\/v2\/types\/page"}],"author":[{"embeddable":true,"href":"https:\/\/ciudadanosdelmundo.org\/index.php?rest_route=\/wp\/v2\/users\/1"}],"replies":[{"embeddable":true,"href":"https:\/\/ciudadanosdelmundo.org\/index.php?rest_route=%2Fwp%2Fv2%2Fcomments&post=13782"}],"version-history":[{"count":1,"href":"https:\/\/ciudadanosdelmundo.org\/index.php?rest_route=\/wp\/v2\/pages\/13782\/revisions"}],"predecessor-version":[{"id":13783,"href":"https:\/\/ciudadanosdelmundo.org\/index.php?rest_route=\/wp\/v2\/pages\/13782\/revisions\/13783"}],"wp:attachment":[{"href":"https:\/\/ciudadanosdelmundo.org\/index.php?rest_route=%2Fwp%2Fv2%2Fmedia&parent=13782"}],"curies":[{"name":"wp","href":"https:\/\/api.w.org\/{rel}","templated":true}]}}

<p>[vc_section][vc_row][vc_column column_padding=»padding-5&#8243; column_center=»true» width=»1/3&#8243;]<h3 class="headline font-inherit fontsize-xl fontweight-600 lh-inherit align-left transform-uppercase " style="margin: 0 0 20px 0;">EL PROYECTO</h3><div class="newdivider align-left" style="border-bottom-style: solid; border-color: #00aeef; border-bottom-width: 3px; margin-top: 0; margin-bottom: 0; width: 120px; "></div><div class="clear"></div>[/vc_column][vc_column width=»2/3&#8243;][vc_column_text]</p>
<p class="p1"><span class="s1">El trabajo de cultura de paz es un área nueva que la Fundación implementa a partir de agosto de 2017.</span></p>
<p class="p1"><span class="s1">Ello implica el lanzamiento en breve de una convocatoria para organizar el área y planificar tareas que colaboren con el desarrollo de esta temática, tan poco conocida y difunda en la República Argentina.</span></p>
<p>[/vc_column_text][/vc_column][/vc_row][/vc_section][vc_section full_width=»stretch_row» css=».vc_custom_1514581424543{background-color: #f7f7f7 !important;}»][vc_row][vc_column column_padding=»padding-5&#8243; column_center=»true» width=»2/3&#8243;][vc_column_text]</p>
<p class="p1"><span class="s1">La Fundación ha desarrollado un proceso de certificación en esta temática para instituciones y organizaciones.</span></p>
<p class="p1"><span class="s1">Ello implica el desarrollo de foros, capacitaciones, evaluaciones y certificación final dentro de una dinámica establecida por convenio entre las partes.</span></p>
<p class="p1"><span class="s1">En breve la Fundación pondrá a disposición de los interesados las herramientas para acceder a estas certificaciones.</span></p>
<p>[/vc_column_text][/vc_column][vc_column width=»1/3&#8243;]<h3 class="headline font-inherit fontsize-xl fontweight-600 lh-inherit align-left transform-uppercase " style="margin: 0 0 20px 0;">Certificaciones</h3><div class="newdivider align-left" style="border-bottom-style: solid; border-color: #00aeef; border-bottom-width: 3px; margin-top: 0; margin-bottom: 0; width: 120px; "></div><div class="clear"></div>[/vc_column][/vc_row][/vc_section][vc_section][vc_row][vc_column column_padding=»padding-5&#8243; column_center=»true» width=»1/3&#8243;]<h3 class="headline font-inherit fontsize-xl fontweight-600 lh-inherit align-left transform-uppercase " style="margin: 0 0 20px 0;">Talleres</h3><div class="newdivider align-left" style="border-bottom-style: solid; border-color: #00aeef; border-bottom-width: 3px; margin-top: 0; margin-bottom: 0; width: 120px; "></div><div class="clear"></div>[/vc_column][vc_column width=»2/3&#8243;][vc_column_text]</p>
<p class="p1"><span class="s1">La Fundación planea realizar talleres, foros y conferencias sobre cultura de paz, para difundir y concientizar sobre la tolerancia, la convivencia y el autocontrol como formas de fomentar una mejor y más segura calidad de vida.</span></p>
<p class="p1"><span class="s1">La Cultura de paz forma parte de los compromisos internacionales asumidos por el Gobierno de la Ciudad de Buenos Aires y también es importante para la educación de los niños en edad de primera infancia.</span></p>
<p>[/vc_column_text][/vc_column][/vc_row][/vc_section][vc_section full_width=»stretch_row» css=».vc_custom_1514582381468{margin-bottom: -40px !important;background-image: url(http://ciudadanosdelmundo.org/sitio/wp-content/uploads/2017/12/fondo2.jpg?id=13474) !important;background-position: center !important;background-repeat: no-repeat !important;background-size: cover !important;}»][vc_row text_color=»light» text_align=»center» top_padding=»60&#8243; bottom_padding=»60&#8243;][vc_column width=»1/1&#8243;]<div class="divider-title align-center" >Divulgación</div>[vc_column_text]</p>
<p class="p1"><span class="s1">La Fundación articulará diversas formas de divulgar los contenidos propios de la cultura de paz, a través de publicaciones y trabajos de investigación propios.</span></p>
<p>[/vc_column_text][/vc_column][/vc_row][/vc_section]</p>

<p>[vc_section][vc_row][vc_column column_padding=»padding-5&#8243; column_center=»true» width=»1/3&#8243;][/vc_column][vc_column width=»2/3&#8243;][vc_column_text] El trabajo de cultura de paz es un área nueva que la Fundación implementa a partir de agosto de 2017. Ello implica el lanzamiento en breve de una convocatoria para organizar el área y planificar tareas que colaboren con el desarrollo de esta temática, tan poco conocida y difunda en la República Argentina. [/vc_column_text][/vc_column][/vc_row][/vc_section][vc_section full_width=»stretch_row» css=».vc_custom_1514581424543{background-color: #f7f7f7 !important;}»][vc_row][vc_column column_padding=»padding-5&#8243; column_center=»true» width=»2/3&#8243;][vc_column_text] La Fundación ha desarrollado un proceso de certificación en esta temática para instituciones y organizaciones. Ello implica el desarrollo de foros, capacitaciones, evaluaciones y certificación final dentro de una dinámica establecida por convenio entre las partes. En breve la Fundación pondrá a disposición de los interesados las herramientas para acceder a estas certificaciones. [/vc_column_text][/vc_column][vc_column width=»1/3&#8243;][/vc_column][/vc_row][/vc_section][vc_section][vc_row][vc_column column_padding=»padding-5&#8243; column_center=»true» width=»1/3&#8243;][/vc_column][vc_column width=»2/3&#8243;][vc_column_text] La Fundación planea realizar talleres, foros y conferencias sobre cultura de paz, para difundir y concientizar sobre la tolerancia, la convivencia y el autocontrol como formas de fomentar una mejor y más segura calidad de vida. La Cultura de paz forma parte de los compromisos internacionales asumidos por el Gobierno de la Ciudad de Buenos Aires y también es importante para la educación de los niños en edad de primera infancia. [/vc_column_text][/vc_column][/vc_row][/vc_section][vc_section full_width=»stretch_row» css=».vc_custom_1514582381468{margin-bottom: -40px [&hellip;]</p>
