{"id":13540,"date":"2017-12-29T15:54:28","date_gmt":"2017-12-29T15:54:28","guid":{"rendered":"http:\/\/ciudadanosdelmundo.org\/sitio\/?page_id=13540"},"modified":"2017-12-29T16:01:29","modified_gmt":"2017-12-29T16:01:29","slug":"testimonios","status":"publish","type":"page","link":"https:\/\/ciudadanosdelmundo.org\/?page_id=13540","title":{"rendered":"Testimonios"},"content":{"rendered":"<p>[vc_section][vc_row top_padding=\u00bb40&#8243; bottom_padding=\u00bb40&#8243;][vc_column width=\u00bb1\/1&#8243;][vc_column_text]<\/p>\n<h3 class=\"p1\"><span class=\"s1\">Para la Fundaci\u00f3n Ciudadanos del Mundo es importante registrar las impresiones de quienes llegan a la Argentina y experimentan una serie de vivencias relacionadas con los encuentros entre sus culturas previas y la aut\u00f3ctona. Aqu\u00ed las retratamos y compartimos esas experiencias, desdibujando las fronteras y cohesionando las culturas.<\/span><\/h3>\n<p>[\/vc_column_text]<div class=\"testimonial-wrap wpb_content_element\"><div class=\"testimonial\">\n<p class=\"p1\"><span class=\"s1\">Los contextos de abuso a los inmigrantes africanos parecen no tener l\u00edmites. En el d\u00eda 27 de abril, el caso de seis inquilinos senegaleses cuyo arrendador decidi\u00f3 desalojarlos violentamente,\u00a0 prendi\u00f3 nuevas alarmas sobre las m\u00faltiples arbitrariedades\u00a0a las que son sometidas esta poblaci\u00f3n inmigrante. Los hechos sucedieron en el Municipio de Mor\u00f3n, cuando el arrendador del lugar ubicado en Bragado 2167, solicit\u00f3 \u201cde manera inmediata\u201d la desocupaci\u00f3n del inmueble hace tres d\u00edas, en ese momento amenaz\u00f3 con arma de fuego a uno de ellos que viv\u00eda en el lugar con sus dos hijos peque\u00f1os manifest\u00e1ndole que ten\u00edan que irse de\u2026 <i>ver m\u00e1s<\/i> en <a href=\"http:\/\/fundacionciudadanosdelmundo.blogspot.com.ar\/2011\/05\/denuncia-de-abuso-contra-ciudadanos.html\"><span class=\"s2\">http:\/\/fundacionciudadanosdelmundo.blogspot.com.ar\/2011\/05\/denuncia-de-abuso-contra-ciudadanos.html<\/span><\/a><\/span><\/p>\n<\/div><div class=\"testimonial-author\">Denuncia de Abuso contra Ciudadanos Senegaleses<span>5\/10\/2011<\/span><\/div><\/div><div class=\"testimonial-wrap wpb_content_element\"><div class=\"testimonial\">\n<p class=\"p1\"><span class=\"s1\">Por: Lic. Betiana Tolaba. Coordinadora de Desarrollo Social. Fundaci\u00f3n Ciudadanos del Mundo. Hoy sentada en mi escritorio recuerdo que un viernes veinticinco de julio llegaste Miguel como uno m\u00e1s de esas tantas entrevistas, me acuerdo que te acercaste t\u00edmido y callado, no levantabas tu mirada, solo contestabas a lo que se te indagaba. Sin regalar sonrisa relatabas tu llegada al pa\u00eds, no teniendo noci\u00f3n del d\u00eda ni la hora, s\u00f3lo ven\u00edas con esperanza. La calle te hizo fuerte es as\u00ed como aprendiste de ella, quiz\u00e1s por eso te costo dejarla. S\u00f3lo t\u00fa sabes lo que es no tener un plato de comida caliente\u2026 <i>ver m\u00e1s en <\/i><a href=\"http:\/\/fundacionciudadanosdelmundo.blogspot.com.ar\/2010\/12\/medalla-de-oro-la-perseverancia.html\"><span class=\"s2\"><i>http:\/\/fundacionciudadanosdelmundo.blogspot.com.ar\/2010\/12\/medalla-de-oro-la-perseverancia.html<\/i><\/span><\/a><\/span><\/p>\n<\/div><div class=\"testimonial-author\">Medalla de oro a la perseverancia<span>12\/1\/2010<\/span><\/div><\/div><div class=\"testimonial-wrap wpb_content_element\"><div class=\"testimonial\">\n<p class=\"p1\"><span class=\"s1\">Por: Juan Manuel Quiroga Las sensaciones son parecidas en cada ocasi\u00f3n, probablemente todos las hayamos experimentado alguna vez, incluso ser\u00eda dif\u00edcil encontrar alguien que sostenga que no las ha padecido en m\u00e1s de una oportunidad. Sin embargo no resulta f\u00e1cil describirlas, muchos lo intentamos, en un esfuerzo que apunta m\u00e1s a expresar nuestra indignaci\u00f3n que a explicar realmente los hechos y sus insalubres consecuencias personales y colectivas. De todas formas emprender seriamente tal tarea explicativa significar\u00eda un sacrificio carente de toda racionalidad econ\u00f3mica. El trabajo ya est\u00e1 hecho, y no es necesario repetirlo, porque es de una calidad que nos\u2026 <i>ver m\u00e1s en<\/i> <a href=\"http:\/\/fundacionciudadanosdelmundo.blogspot.com.ar\/2010\/11\/el-proceso-de-pedro.html\"><span class=\"s2\">http:\/\/fundacionciudadanosdelmundo.blogspot.com.ar\/2010\/11\/el-proceso-de-pedro.html<\/span><\/a><\/span><\/p>\n<\/div><div class=\"testimonial-author\">El proceso de Pedro<span>11\/27\/2010<\/span><\/div><\/div><div class=\"testimonial-wrap wpb_content_element\"><div class=\"testimonial\">\n<p class=\"p1\"><span class=\"s1\">Por: M\u00f3nica Tarta. Ya tengo una semana de intentar ser porte\u00f1a. Desde el s\u00e1bado 6 de noviembre estoy buscando la magia, el tango y la pasi\u00f3n de la vida en esta maravillosa ciudad. Desde cuando llegu\u00e9 trabajo como voluntaria aqu\u00ed en la Fundaci\u00f3n Ciudadanos del Mundo y recibo, en general preguntas sobre Rumania, mi pa\u00eds. Hasta ahora ni siquiera sab\u00eda cu\u00e1ntos rumanos hab\u00edan emigrado a lo largo del tiempo a la Argentina, pero despu\u00e9s le\u00ed las gu\u00edas con cual vine preparada para no perder nada del encanto de Argentina, y me enter\u00e9 un poco de estos datos estad\u00edsticos. Voy a hablar\u2026 <i>ver m\u00e1s en <\/i><a href=\"http:\/\/fundacionciudadanosdelmundo.blogspot.com.ar\/2010\/11\/conocer-no-hace-mal-hace-lugar.html\"><span class=\"s2\">http:\/\/fundacionciudadanosdelmundo.blogspot.com.ar\/2010\/11\/conocer-no-hace-mal-hace-lugar.html<\/span><\/a><\/span><\/p>\n<\/div><div class=\"testimonial-author\">Conocer no hace mal, hace lugar<span>11\/27\/2010<\/span><\/div><\/div><div class=\"testimonial-wrap wpb_content_element\"><div class=\"testimonial\">\n<p class=\"p1\"><span class=\"s1\">Una familia refugiada, a quien se le ha negado vivienda y seguridad social se encuentra en nuestro pa\u00eds sin un techo donde dormir. Margarita, la madre-abuela de 72 a\u00f1os ha luchado por todos los medios llegar a las autoridades argentinas. Ha escrito m\u00e1s de 50 cartas a todas las instituciones que conoc\u00eda: \u201clos refugiados tenemos derecho a escribir\u201d, dice, \u201cpero tambi\u00e9n tenemos derecho a recibir una respuesta\u201d. Hoy se acerc\u00f3 con su hija a la Fundaci\u00f3n Ciudadanos del Mundo para recibir asistencia social y jur\u00eddica.<\/span><\/p>\n<p class=\"p2\"><span class=\"s2\"><i>Ver m\u00e1s en\u2026<\/i><\/span><\/p>\n<p class=\"p3\"><span class=\"s3\"><a href=\"https:\/\/www.youtube.com\/watch?v=Mk-tgvZ3NIw\">https:\/\/www.youtube.com\/watch?v=Mk-tgvZ3NIw<\/a><\/span><\/p>\n<\/div><div class=\"testimonial-author\">Refugiadas de Kazajst\u00e1n en Argentina.<span>A\u00f1o 2010<\/span><\/div><\/div><div class=\"testimonial-wrap wpb_content_element\"><div class=\"testimonial\">\n<p class=\"p1\"><span class=\"s1\">En el d\u00eda 27 de abril, el caso de seis inquilinos senegaleses cuyo arrendador decidi\u00f3 desalojarlos violentamente,\u00a0 prendi\u00f3 nuevas alarmas sobre las m\u00faltiples arbitrariedades\u00a0 a las que son sometidas esta poblaci\u00f3n inmigrante.<\/span><\/p>\n<p class=\"p1\"><span class=\"s1\">Los hechos sucedieron en el Municipio de Mor\u00f3n, cuando el arrendador del lugar ubicado en Bragado 2167, solicit\u00f3 \u201cde manera inmediata\u201d la desocupaci\u00f3n del inmueble hace tres d\u00edas, en ese momento amenaz\u00f3 con arma de fuego a uno de ellos que viv\u00eda en el lugar con sus dos hijos peque\u00f1os manifest\u00e1ndole que ten\u00edan que irse de inmediato del lugar\u2026 <i>ver m\u00e1s en<\/i><\/span><\/p>\n<p class=\"p2\"><span class=\"s2\"><a href=\"http:\/\/fundacionciudadanosdelmundo.blogspot.com.ar\/2011\/05\/denuncia-de-abuso-contra-ciudadanos.html\">http:\/\/fundacionciudadanosdelmundo.blogspot.com.ar\/2011\/05\/denuncia-de-abuso-contra-ciudadanos.html<\/a><\/span><\/p>\n<\/div><div class=\"testimonial-author\">Abuso contra inmigrantes senegaleses<span><\/span><\/div><\/div><div class=\"testimonial-wrap wpb_content_element\"><div class=\"testimonial\">\n<p class=\"p1\"><span class=\"s1\">Primero llegaron muchos de nuestros antepasados. En barcos y desde otro continente, nuestros abuelos o tatarabuelos arribaron a Argentina, en busca\u00a0de un mejor destino.<\/span><\/p>\n<p class=\"p1\"><span class=\"s1\">Grandes olas inmigratorias llegaron para \u00a0mezclarse \u00a0con las culturas locales, haciendo de estos pagos, una bella tierra mestiza.<\/span><\/p>\n<p class=\"p1\"><span class=\"s1\">Adem\u00e1s de\u00a0 esas grandes \u00a0inmigraciones, a\u00f1o tras a\u00f1o\u00a0 siguen llegando a nuestro pa\u00eds -ya sea por cuestiones laborales, universitarias, familiares, etc. &#8211; \u00a0diferentes hermanos bolivianos, peruanos, paraguayos, surafricanos, chinos, entre otros\u2026<\/span><\/p>\n<p class=\"p2\"><span class=\"s2\"><i>Ver m\u00e1s en <\/i><a href=\"http:\/\/fundacionciudadanosdelmundo.blogspot.com.ar\/2010\/10\/entrevista-marta-guerreno-lopez-por.html\"><span class=\"s3\">http:\/\/fundacionciudadanosdelmundo.blogspot.com.ar\/2010\/10\/entrevista-marta-guerreno-lopez-por.html<\/span><\/a><\/span><\/p>\n<\/div><div class=\"testimonial-author\">Entrevista a Marta Guerre\u00f1o L\u00f3pez. <span>Por Mar\u00eda Bel\u00e9n Musso<\/span><\/div><\/div>[\/vc_column][\/vc_row][\/vc_section]<\/p>\n","protected":false},"excerpt":{"rendered":"<p>[vc_section][vc_row top_padding=\u00bb40&#8243; bottom_padding=\u00bb40&#8243;][vc_column width=\u00bb1\/1&#8243;][vc_column_text] Para la Fundaci\u00f3n Ciudadanos del Mundo es importante registrar las impresiones de quienes llegan a la Argentina y experimentan una serie de vivencias relacionadas con los encuentros entre sus culturas previas y la aut\u00f3ctona. Aqu\u00ed las retratamos y compartimos esas experiencias, desdibujando las fronteras y cohesionando las culturas. [\/vc_column_text][\/vc_column][\/vc_row][\/vc_section]<\/p>\n","protected":false},"author":1,"featured_media":0,"parent":0,"menu_order":0,"comment_status":"closed","ping_status":"closed","template":"","meta":{"footnotes":""},"class_list":["post-13540","page","type-page","status-publish","hentry"],"_links":{"self":[{"href":"https:\/\/ciudadanosdelmundo.org\/index.php?rest_route=\/wp\/v2\/pages\/13540","targetHints":{"allow":["GET"]}}],"collection":[{"href":"https:\/\/ciudadanosdelmundo.org\/index.php?rest_route=\/wp\/v2\/pages"}],"about":[{"href":"https:\/\/ciudadanosdelmundo.org\/index.php?rest_route=\/wp\/v2\/types\/page"}],"author":[{"embeddable":true,"href":"https:\/\/ciudadanosdelmundo.org\/index.php?rest_route=\/wp\/v2\/users\/1"}],"replies":[{"embeddable":true,"href":"https:\/\/ciudadanosdelmundo.org\/index.php?rest_route=%2Fwp%2Fv2%2Fcomments&post=13540"}],"version-history":[{"count":7,"href":"https:\/\/ciudadanosdelmundo.org\/index.php?rest_route=\/wp\/v2\/pages\/13540\/revisions"}],"predecessor-version":[{"id":13548,"href":"https:\/\/ciudadanosdelmundo.org\/index.php?rest_route=\/wp\/v2\/pages\/13540\/revisions\/13548"}],"wp:attachment":[{"href":"https:\/\/ciudadanosdelmundo.org\/index.php?rest_route=%2Fwp%2Fv2%2Fmedia&parent=13540"}],"curies":[{"name":"wp","href":"https:\/\/api.w.org\/{rel}","templated":true}]}}

<p>[vc_section][vc_row top_padding=»40&#8243; bottom_padding=»40&#8243;][vc_column width=»1/1&#8243;][vc_column_text]</p>
<h3 class="p1"><span class="s1">Para la Fundación Ciudadanos del Mundo es importante registrar las impresiones de quienes llegan a la Argentina y experimentan una serie de vivencias relacionadas con los encuentros entre sus culturas previas y la autóctona. Aquí las retratamos y compartimos esas experiencias, desdibujando las fronteras y cohesionando las culturas.</span></h3>
<p>[/vc_column_text]<div class="testimonial-wrap wpb_content_element"><div class="testimonial">
<p class="p1"><span class="s1">Los contextos de abuso a los inmigrantes africanos parecen no tener límites. En el día 27 de abril, el caso de seis inquilinos senegaleses cuyo arrendador decidió desalojarlos violentamente,  prendió nuevas alarmas sobre las múltiples arbitrariedades a las que son sometidas esta población inmigrante. Los hechos sucedieron en el Municipio de Morón, cuando el arrendador del lugar ubicado en Bragado 2167, solicitó “de manera inmediata” la desocupación del inmueble hace tres días, en ese momento amenazó con arma de fuego a uno de ellos que vivía en el lugar con sus dos hijos pequeños manifestándole que tenían que irse de… <i>ver más</i> en <a href="http://fundacionciudadanosdelmundo.blogspot.com.ar/2011/05/denuncia-de-abuso-contra-ciudadanos.html"><span class="s2">http://fundacionciudadanosdelmundo.blogspot.com.ar/2011/05/denuncia-de-abuso-contra-ciudadanos.html</span></a></span></p>
</div><div class="testimonial-author">Denuncia de Abuso contra Ciudadanos Senegaleses<span>5/10/2011</span></div></div><div class="testimonial-wrap wpb_content_element"><div class="testimonial">
<p class="p1"><span class="s1">Por: Lic. Betiana Tolaba. Coordinadora de Desarrollo Social. Fundación Ciudadanos del Mundo. Hoy sentada en mi escritorio recuerdo que un viernes veinticinco de julio llegaste Miguel como uno más de esas tantas entrevistas, me acuerdo que te acercaste tímido y callado, no levantabas tu mirada, solo contestabas a lo que se te indagaba. Sin regalar sonrisa relatabas tu llegada al país, no teniendo noción del día ni la hora, sólo venías con esperanza. La calle te hizo fuerte es así como aprendiste de ella, quizás por eso te costo dejarla. Sólo tú sabes lo que es no tener un plato de comida caliente… <i>ver más en </i><a href="http://fundacionciudadanosdelmundo.blogspot.com.ar/2010/12/medalla-de-oro-la-perseverancia.html"><span class="s2"><i>http://fundacionciudadanosdelmundo.blogspot.com.ar/2010/12/medalla-de-oro-la-perseverancia.html</i></span></a></span></p>
</div><div class="testimonial-author">Medalla de oro a la perseverancia<span>12/1/2010</span></div></div><div class="testimonial-wrap wpb_content_element"><div class="testimonial">
<p class="p1"><span class="s1">Por: Juan Manuel Quiroga Las sensaciones son parecidas en cada ocasión, probablemente todos las hayamos experimentado alguna vez, incluso sería difícil encontrar alguien que sostenga que no las ha padecido en más de una oportunidad. Sin embargo no resulta fácil describirlas, muchos lo intentamos, en un esfuerzo que apunta más a expresar nuestra indignación que a explicar realmente los hechos y sus insalubres consecuencias personales y colectivas. De todas formas emprender seriamente tal tarea explicativa significaría un sacrificio carente de toda racionalidad económica. El trabajo ya está hecho, y no es necesario repetirlo, porque es de una calidad que nos… <i>ver más en</i> <a href="http://fundacionciudadanosdelmundo.blogspot.com.ar/2010/11/el-proceso-de-pedro.html"><span class="s2">http://fundacionciudadanosdelmundo.blogspot.com.ar/2010/11/el-proceso-de-pedro.html</span></a></span></p>
</div><div class="testimonial-author">El proceso de Pedro<span>11/27/2010</span></div></div><div class="testimonial-wrap wpb_content_element"><div class="testimonial">
<p class="p1"><span class="s1">Por: Mónica Tarta. Ya tengo una semana de intentar ser porteña. Desde el sábado 6 de noviembre estoy buscando la magia, el tango y la pasión de la vida en esta maravillosa ciudad. Desde cuando llegué trabajo como voluntaria aquí en la Fundación Ciudadanos del Mundo y recibo, en general preguntas sobre Rumania, mi país. Hasta ahora ni siquiera sabía cuántos rumanos habían emigrado a lo largo del tiempo a la Argentina, pero después leí las guías con cual vine preparada para no perder nada del encanto de Argentina, y me enteré un poco de estos datos estadísticos. Voy a hablar… <i>ver más en </i><a href="http://fundacionciudadanosdelmundo.blogspot.com.ar/2010/11/conocer-no-hace-mal-hace-lugar.html"><span class="s2">http://fundacionciudadanosdelmundo.blogspot.com.ar/2010/11/conocer-no-hace-mal-hace-lugar.html</span></a></span></p>
</div><div class="testimonial-author">Conocer no hace mal, hace lugar<span>11/27/2010</span></div></div><div class="testimonial-wrap wpb_content_element"><div class="testimonial">
<p class="p1"><span class="s1">Una familia refugiada, a quien se le ha negado vivienda y seguridad social se encuentra en nuestro país sin un techo donde dormir. Margarita, la madre-abuela de 72 años ha luchado por todos los medios llegar a las autoridades argentinas. Ha escrito más de 50 cartas a todas las instituciones que conocía: “los refugiados tenemos derecho a escribir”, dice, “pero también tenemos derecho a recibir una respuesta”. Hoy se acercó con su hija a la Fundación Ciudadanos del Mundo para recibir asistencia social y jurídica.</span></p>
<p class="p2"><span class="s2"><i>Ver más en…</i></span></p>
<p class="p3"><span class="s3"><a href="https://www.youtube.com/watch?v=Mk-tgvZ3NIw">https://www.youtube.com/watch?v=Mk-tgvZ3NIw</a></span></p>
</div><div class="testimonial-author">Refugiadas de Kazajstán en Argentina.<span>Año 2010</span></div></div><div class="testimonial-wrap wpb_content_element"><div class="testimonial">
<p class="p1"><span class="s1">En el día 27 de abril, el caso de seis inquilinos senegaleses cuyo arrendador decidió desalojarlos violentamente,  prendió nuevas alarmas sobre las múltiples arbitrariedades  a las que son sometidas esta población inmigrante.</span></p>
<p class="p1"><span class="s1">Los hechos sucedieron en el Municipio de Morón, cuando el arrendador del lugar ubicado en Bragado 2167, solicitó “de manera inmediata” la desocupación del inmueble hace tres días, en ese momento amenazó con arma de fuego a uno de ellos que vivía en el lugar con sus dos hijos pequeños manifestándole que tenían que irse de inmediato del lugar… <i>ver más en</i></span></p>
<p class="p2"><span class="s2"><a href="http://fundacionciudadanosdelmundo.blogspot.com.ar/2011/05/denuncia-de-abuso-contra-ciudadanos.html">http://fundacionciudadanosdelmundo.blogspot.com.ar/2011/05/denuncia-de-abuso-contra-ciudadanos.html</a></span></p>
</div><div class="testimonial-author">Abuso contra inmigrantes senegaleses<span></span></div></div><div class="testimonial-wrap wpb_content_element"><div class="testimonial">
<p class="p1"><span class="s1">Primero llegaron muchos de nuestros antepasados. En barcos y desde otro continente, nuestros abuelos o tatarabuelos arribaron a Argentina, en busca de un mejor destino.</span></p>
<p class="p1"><span class="s1">Grandes olas inmigratorias llegaron para  mezclarse  con las culturas locales, haciendo de estos pagos, una bella tierra mestiza.</span></p>
<p class="p1"><span class="s1">Además de  esas grandes  inmigraciones, año tras año  siguen llegando a nuestro país -ya sea por cuestiones laborales, universitarias, familiares, etc. &#8211;  diferentes hermanos bolivianos, peruanos, paraguayos, surafricanos, chinos, entre otros…</span></p>
<p class="p2"><span class="s2"><i>Ver más en </i><a href="http://fundacionciudadanosdelmundo.blogspot.com.ar/2010/10/entrevista-marta-guerreno-lopez-por.html"><span class="s3">http://fundacionciudadanosdelmundo.blogspot.com.ar/2010/10/entrevista-marta-guerreno-lopez-por.html</span></a></span></p>
</div><div class="testimonial-author">Entrevista a Marta Guerreño López. <span>Por María Belén Musso</span></div></div>[/vc_column][/vc_row][/vc_section]</p>

<p>[vc_section][vc_row top_padding=»40&#8243; bottom_padding=»40&#8243;][vc_column width=»1/1&#8243;][vc_column_text] Para la Fundación Ciudadanos del Mundo es importante registrar las impresiones de quienes llegan a la Argentina y experimentan una serie de vivencias relacionadas con los encuentros entre sus culturas previas y la autóctona. Aquí las retratamos y compartimos esas experiencias, desdibujando las fronteras y cohesionando las culturas. [/vc_column_text][/vc_column][/vc_row][/vc_section]</p>
