{"id":13341,"date":"2017-12-29T01:48:53","date_gmt":"2017-12-29T01:48:53","guid":{"rendered":"http:\/\/ciudadanosdelmundo.org\/sitio\/?page_id=13341"},"modified":"2017-12-29T17:11:00","modified_gmt":"2017-12-29T17:11:00","slug":"trayectoria","status":"publish","type":"page","link":"https:\/\/ciudadanosdelmundo.org\/?page_id=13341","title":{"rendered":"Trayectoria"},"content":{"rendered":"<p>[vc_section][vc_row top_padding=\u00bb40&#8243; bottom_padding=\u00bb40&#8243;][vc_column width=\u00bb1\/2&#8243;]<div class=\"single_image wpb_content_element align-left    \" data-animation=\"none\" data-delay=\"0\"><img loading=\"lazy\" decoding=\"async\" width=\"960\" height=\"720\" src=\"https:\/\/ciudadanosdelmundo.org\/wp-content\/uploads\/2017\/12\/foto-17-1.jpg\" class=\"attachment-full\" alt=\"\" srcset=\"https:\/\/ciudadanosdelmundo.org\/wp-content\/uploads\/2017\/12\/foto-17-1.jpg 960w, https:\/\/ciudadanosdelmundo.org\/wp-content\/uploads\/2017\/12\/foto-17-1-300x225.jpg 300w, https:\/\/ciudadanosdelmundo.org\/wp-content\/uploads\/2017\/12\/foto-17-1-768x576.jpg 768w\" sizes=\"auto, (max-width: 960px) 100vw, 960px\" \/><\/div>[\/vc_column][vc_column width=\u00bb1\/2&#8243;][vc_column_text]<\/p>\n<p class=\"p1\"><span class=\"s1\">Desde nuestro surgimiento como organizaci\u00f3n, fueron numerosos los casos en los intervenimos por maltrato policial contra migrantes en diversos procedimientos. Ocurre mayormente contra quienes son los sectores m\u00e1s vulnerables entre los migrantes que residen en Argentina. Ha sido el caso de los extranjeros de origen africano, que en su mayor\u00eda subsisten a trav\u00e9s de la venta ambulante. Otros son procedentes de Rep\u00fablica Dominicana, particularmente muchas mujeres que ejercen la prostituci\u00f3n como medio de vida, afrodescendientes en general y todos aquellos que son v\u00edctimas de discriminaci\u00f3n por su color de piel, rasgos f\u00edsicos o posici\u00f3n social. Estas actividades realizadas por la Fundaci\u00f3n merecieron el agradecimiento de las comunidades migrantes beneficiadas.<\/span><\/p>\n<p>[\/vc_column_text][\/vc_column][\/vc_row][vc_row][vc_column width=\u00bb1\/1&#8243;][vc_column_text]<\/p>\n<p class=\"p1\"><span class=\"s1\">Entre los organismos con los que articulamos nuestra acci\u00f3n se encuentra la Direcci\u00f3n Nacional de Migraciones. Como producto del trabajo cotidiano de acompa\u00f1amiento al migrante en su regularizaci\u00f3n migratoria, el contacto permanente con esta direcci\u00f3n siempre fue ineludible. A lo largo de varios a\u00f1os hemos recibido la derivaci\u00f3n de casos que exced\u00edan lo exclusivamente referido a la radicaci\u00f3n de personas migrantes y superaban las capacidades de intervenci\u00f3n del \u00e1rea de desarrollo social del organismo. La Fundaci\u00f3n intervino en varias oportunidades ante atropellos e injusticias ejercidas contra personas y familias migrantes en situaci\u00f3n de vulnerabilidad. El rol mediador de la Fundaci\u00f3n acerc\u00f3 los derechos legislados a las personas destinatarias, acortando las distancias entre el Estado y la sociedad.<\/span><\/p>\n<p>[\/vc_column_text][\/vc_column][\/vc_row][\/vc_section][vc_section full_width=\u00bbstretch_row\u00bb css=\u00bb.vc_custom_1514512648339{background-color: #f7f7f7 !important;}\u00bb][vc_row top_padding=\u00bb40&#8243; bottom_padding=\u00bb40&#8243;][vc_column width=\u00bb1\/2&#8243;][vc_column_text]<\/p>\n<p class=\"p1\"><span class=\"s1\">Por otra parte, luego de un largo proceso de evaluaci\u00f3n comenzado en el a\u00f1o 2010, el 15 de noviembre de 2011 el Consejo Permanente de la Organizaci\u00f3n de Estados Americanos, a trav\u00e9s de la resoluci\u00f3n CP\/CISC-595\/11<\/span><b> <\/b><span class=\"s1\">reconoci\u00f3 a la Fundaci\u00f3n Ciudadanos del Mundo como organizaci\u00f3n de la sociedad civil parte de la OEA. <\/span><\/p>\n<p class=\"p1\"><span class=\"s1\">La intervenci\u00f3n continua en lamentables casos de violaci\u00f3n a los Derechos Humanos nos ha llevado a articular acciones con la Secretar\u00eda de Derechos Humanos de la Naci\u00f3n, que ha prestado su apoyo en un conjunto de actuaciones entre las que podemos destacar sucesivos viajes a la Provincia de C\u00f3rdoba por el ejercicio de violencia institucional de parte de personal policial contra migrantes africanos desde 2009 y el intento de desalojo a un grupo de ciudadanos senegaleses en la Ciudad de Buenos Aires en agosto de 2012.<\/span><\/p>\n<p>[\/vc_column_text][\/vc_column][vc_column width=\u00bb1\/2&#8243;]<div class=\"flexslider wpb_content_element\"><ul class=\"slides\"><li><img decoding=\"async\" src=\"https:\/\/ciudadanosdelmundo.org\/wp-content\/uploads\/2017\/12\/foto-10A.jpg\" alt=\"\" \/><\/li><li><img decoding=\"async\" src=\"https:\/\/ciudadanosdelmundo.org\/wp-content\/uploads\/2017\/12\/foto-10B.jpg\" alt=\"\" \/><\/li><li><img decoding=\"async\" src=\"https:\/\/ciudadanosdelmundo.org\/wp-content\/uploads\/2017\/12\/foto-10D.jpg\" alt=\"\" \/><\/li><li><img decoding=\"async\" src=\"https:\/\/ciudadanosdelmundo.org\/wp-content\/uploads\/2017\/12\/foto-10E.jpg\" alt=\"\" \/><\/li><li><img decoding=\"async\" src=\"https:\/\/ciudadanosdelmundo.org\/wp-content\/uploads\/2017\/12\/foto-10G.jpg\" alt=\"\" \/><\/li><\/ul><\/div>[\/vc_column][\/vc_row][vc_row top_padding=\u00bb40&#8243; bottom_padding=\u00bb40&#8243;][vc_column width=\u00bb1\/1&#8243;][vc_column_text]<\/p>\n<p class=\"p1\"><span class=\"s1\">Esta articulaci\u00f3n ha dado lugar a que la Secretar\u00eda de Derechos Humanos otorgue su auspicio a nuestra publicaci\u00f3n institucional <i>Suplemento del Inmigrante<\/i>. <\/span><span class=\"s2\"><i>Foto 7.<\/i><\/span><span class=\"s1\"><i> <\/i>As\u00ed como ha motivado una invitaci\u00f3n formal a participar de la organizaci\u00f3n a nivel nacional de la primera celebraci\u00f3n del 8 de noviembre como \u00abD\u00eda Nacional de los Afroargentinos\/as y de la cultura afro\u00bb, junto a representantes de la Asamblea Permanente de Organizaciones Afro de la Argentina. La publicaci\u00f3n digital Suplemento del Inmigrante tambi\u00e9n fue declarada de inter\u00e9s por la Honorable C\u00e1mara de Diputados de la Naci\u00f3n.<\/span><\/p>\n<p class=\"p1\"><span class=\"s1\">Por otra parte y en coincidencia con los valores de la inclusi\u00f3n social e igualdad de oportunidades que sostenemos como premisa de nuestra acci\u00f3n, m\u00e1s all\u00e1 de enfocar nuestro trabajo en los migrantes, llevamos adelante desde el a\u00f1o 2012 proyectos de entrenamiento para el trabajo de j\u00f3venes con discapacidad en conjunto con el Ministerio de Trabajo Empleo y Seguridad Social y la Asociaci\u00f3n para el Desarrollo de la Educaci\u00f3n Especial y la Inclusi\u00f3n.<\/span><\/p>\n<p>[\/vc_column_text][\/vc_column][\/vc_row][\/vc_section][vc_section full_width=\u00bbstretch_row\u00bb css=\u00bb.vc_custom_1514567411459{margin-bottom: -60px !important;background-color: #303030 !important;}\u00bb][vc_row text_color=\u00bblight\u00bb top_padding=\u00bb40&#8243; bottom_padding=\u00bb40&#8243;][vc_column width=\u00bb1\/2&#8243;]<div class=\"flexslider wpb_content_element\"><ul class=\"slides\"><li><img decoding=\"async\" src=\"https:\/\/ciudadanosdelmundo.org\/wp-content\/uploads\/2017\/12\/foto-15-1.jpg\" alt=\"\" \/><\/li><li><img decoding=\"async\" src=\"https:\/\/ciudadanosdelmundo.org\/wp-content\/uploads\/2017\/12\/foto-17.jpg\" alt=\"\" \/><\/li><li><img decoding=\"async\" src=\"https:\/\/ciudadanosdelmundo.org\/wp-content\/uploads\/2017\/12\/foto-19.jpg\" alt=\"\" \/><\/li><li><img decoding=\"async\" src=\"https:\/\/ciudadanosdelmundo.org\/wp-content\/uploads\/2017\/12\/foto-22.jpg\" alt=\"\" \/><\/li><li><img decoding=\"async\" src=\"https:\/\/ciudadanosdelmundo.org\/wp-content\/uploads\/2017\/12\/foto-30.jpg\" alt=\"\" \/><\/li><li><img decoding=\"async\" src=\"https:\/\/ciudadanosdelmundo.org\/wp-content\/uploads\/2017\/12\/foto-31.jpg\" alt=\"\" \/><\/li><li><img decoding=\"async\" src=\"https:\/\/ciudadanosdelmundo.org\/wp-content\/uploads\/2017\/12\/foto-33.jpg\" alt=\"\" \/><\/li><li><img decoding=\"async\" src=\"https:\/\/ciudadanosdelmundo.org\/wp-content\/uploads\/2017\/12\/foto-34.jpg\" alt=\"\" \/><\/li><\/ul><\/div>[\/vc_column][vc_column width=\u00bb1\/2&#8243;][vc_column_text]<\/p>\n<p class=\"p1\"><span class=\"s1\">A lo largo del a\u00f1o 2013 fortalecimos la articulaci\u00f3n con el Ministerio de Desarrollo Social de la Naci\u00f3n, sobre todo a trav\u00e9s de la inclusi\u00f3n de migrantes dominicanos y senegaleses en el r\u00e9gimen del Monotributo Social.<\/span><\/p>\n<p class=\"p1\"><span class=\"s1\">Es a partir de esta articulaci\u00f3n con el Ministerio de Desarrollo Social que comenzamos a formular posteriormente el proyecto de microcr\u00e9ditos para migrantes y afrodescendientes, que gestionamos con \u00e9xito hasta su culminaci\u00f3n y entrega de resultados. <\/span><\/p>\n<p class=\"p1\"><span class=\"s1\">En el a\u00f1o 2014 comenzamos nuestra experiencia con el Jard\u00edn Ni\u00f1os del Mundo, que estuvo ubicado en primera instancia en la calle La Rioja 1518, CABA.<\/span><\/p>\n<p class=\"p1\"><span class=\"s1\">y luego continu\u00f3 su desarrollo mediante la gesti\u00f3n de un Espacio Educativo de Primera Infancia, en la calle M\u00e9xico 1877, CABA donde la Fundaci\u00f3n se encuentra actualmente. <\/span><\/p>\n<p>[\/vc_column_text][\/vc_column][\/vc_row][\/vc_section]<\/p>\n","protected":false},"excerpt":{"rendered":"<p>[vc_section][vc_row top_padding=\u00bb40&#8243; bottom_padding=\u00bb40&#8243;][vc_column width=\u00bb1\/2&#8243;][\/vc_column][vc_column width=\u00bb1\/2&#8243;][vc_column_text] Desde nuestro surgimiento como organizaci\u00f3n, fueron numerosos los casos en los intervenimos por maltrato policial contra migrantes en diversos procedimientos. Ocurre mayormente contra quienes son los sectores m\u00e1s vulnerables entre los migrantes que residen en Argentina. Ha sido el caso de los extranjeros de origen africano, que en su mayor\u00eda subsisten a trav\u00e9s de la venta ambulante. Otros son procedentes de Rep\u00fablica Dominicana, particularmente muchas mujeres que ejercen la prostituci\u00f3n como medio de vida, afrodescendientes en general y todos aquellos que son v\u00edctimas de discriminaci\u00f3n por su color de piel, rasgos f\u00edsicos o posici\u00f3n social. Estas actividades realizadas por la Fundaci\u00f3n merecieron el agradecimiento de las comunidades migrantes beneficiadas. [\/vc_column_text][\/vc_column][\/vc_row][vc_row][vc_column width=\u00bb1\/1&#8243;][vc_column_text] Entre los organismos con los que articulamos nuestra acci\u00f3n se encuentra la Direcci\u00f3n Nacional de Migraciones. Como producto del trabajo cotidiano de acompa\u00f1amiento al migrante en su regularizaci\u00f3n migratoria, el contacto permanente con esta direcci\u00f3n siempre fue ineludible. A lo largo de varios a\u00f1os hemos recibido la derivaci\u00f3n de casos que exced\u00edan lo exclusivamente referido a la radicaci\u00f3n de personas migrantes y superaban las capacidades de intervenci\u00f3n del \u00e1rea de desarrollo social del organismo. La Fundaci\u00f3n intervino en varias oportunidades ante atropellos e injusticias [&hellip;]<\/p>\n","protected":false},"author":1,"featured_media":0,"parent":0,"menu_order":0,"comment_status":"closed","ping_status":"closed","template":"","meta":{"footnotes":""},"class_list":["post-13341","page","type-page","status-publish","hentry"],"_links":{"self":[{"href":"https:\/\/ciudadanosdelmundo.org\/index.php?rest_route=\/wp\/v2\/pages\/13341","targetHints":{"allow":["GET"]}}],"collection":[{"href":"https:\/\/ciudadanosdelmundo.org\/index.php?rest_route=\/wp\/v2\/pages"}],"about":[{"href":"https:\/\/ciudadanosdelmundo.org\/index.php?rest_route=\/wp\/v2\/types\/page"}],"author":[{"embeddable":true,"href":"https:\/\/ciudadanosdelmundo.org\/index.php?rest_route=\/wp\/v2\/users\/1"}],"replies":[{"embeddable":true,"href":"https:\/\/ciudadanosdelmundo.org\/index.php?rest_route=%2Fwp%2Fv2%2Fcomments&post=13341"}],"version-history":[{"count":14,"href":"https:\/\/ciudadanosdelmundo.org\/index.php?rest_route=\/wp\/v2\/pages\/13341\/revisions"}],"predecessor-version":[{"id":13343,"href":"https:\/\/ciudadanosdelmundo.org\/index.php?rest_route=\/wp\/v2\/pages\/13341\/revisions\/13343"}],"wp:attachment":[{"href":"https:\/\/ciudadanosdelmundo.org\/index.php?rest_route=%2Fwp%2Fv2%2Fmedia&parent=13341"}],"curies":[{"name":"wp","href":"https:\/\/api.w.org\/{rel}","templated":true}]}}

<p>[vc_section][vc_row top_padding=»40&#8243; bottom_padding=»40&#8243;][vc_column width=»1/2&#8243;]<div class="single_image wpb_content_element align-left    " data-animation="none" data-delay="0"><img loading="lazy" decoding="async" width="960" height="720" src="https://ciudadanosdelmundo.org/wp-content/uploads/2017/12/foto-17-1.jpg" class="attachment-full" alt="" srcset="https://ciudadanosdelmundo.org/wp-content/uploads/2017/12/foto-17-1.jpg 960w, https://ciudadanosdelmundo.org/wp-content/uploads/2017/12/foto-17-1-300x225.jpg 300w, https://ciudadanosdelmundo.org/wp-content/uploads/2017/12/foto-17-1-768x576.jpg 768w" sizes="auto, (max-width: 960px) 100vw, 960px" /></div>[/vc_column][vc_column width=»1/2&#8243;][vc_column_text]</p>
<p class="p1"><span class="s1">Desde nuestro surgimiento como organización, fueron numerosos los casos en los intervenimos por maltrato policial contra migrantes en diversos procedimientos. Ocurre mayormente contra quienes son los sectores más vulnerables entre los migrantes que residen en Argentina. Ha sido el caso de los extranjeros de origen africano, que en su mayoría subsisten a través de la venta ambulante. Otros son procedentes de República Dominicana, particularmente muchas mujeres que ejercen la prostitución como medio de vida, afrodescendientes en general y todos aquellos que son víctimas de discriminación por su color de piel, rasgos físicos o posición social. Estas actividades realizadas por la Fundación merecieron el agradecimiento de las comunidades migrantes beneficiadas.</span></p>
<p>[/vc_column_text][/vc_column][/vc_row][vc_row][vc_column width=»1/1&#8243;][vc_column_text]</p>
<p class="p1"><span class="s1">Entre los organismos con los que articulamos nuestra acción se encuentra la Dirección Nacional de Migraciones. Como producto del trabajo cotidiano de acompañamiento al migrante en su regularización migratoria, el contacto permanente con esta dirección siempre fue ineludible. A lo largo de varios años hemos recibido la derivación de casos que excedían lo exclusivamente referido a la radicación de personas migrantes y superaban las capacidades de intervención del área de desarrollo social del organismo. La Fundación intervino en varias oportunidades ante atropellos e injusticias ejercidas contra personas y familias migrantes en situación de vulnerabilidad. El rol mediador de la Fundación acercó los derechos legislados a las personas destinatarias, acortando las distancias entre el Estado y la sociedad.</span></p>
<p>[/vc_column_text][/vc_column][/vc_row][/vc_section][vc_section full_width=»stretch_row» css=».vc_custom_1514512648339{background-color: #f7f7f7 !important;}»][vc_row top_padding=»40&#8243; bottom_padding=»40&#8243;][vc_column width=»1/2&#8243;][vc_column_text]</p>
<p class="p1"><span class="s1">Por otra parte, luego de un largo proceso de evaluación comenzado en el año 2010, el 15 de noviembre de 2011 el Consejo Permanente de la Organización de Estados Americanos, a través de la resolución CP/CISC-595/11</span><b> </b><span class="s1">reconoció a la Fundación Ciudadanos del Mundo como organización de la sociedad civil parte de la OEA. </span></p>
<p class="p1"><span class="s1">La intervención continua en lamentables casos de violación a los Derechos Humanos nos ha llevado a articular acciones con la Secretaría de Derechos Humanos de la Nación, que ha prestado su apoyo en un conjunto de actuaciones entre las que podemos destacar sucesivos viajes a la Provincia de Córdoba por el ejercicio de violencia institucional de parte de personal policial contra migrantes africanos desde 2009 y el intento de desalojo a un grupo de ciudadanos senegaleses en la Ciudad de Buenos Aires en agosto de 2012.</span></p>
<p>[/vc_column_text][/vc_column][vc_column width=»1/2&#8243;]<div class="flexslider wpb_content_element"><ul class="slides"><li><img decoding="async" src="https://ciudadanosdelmundo.org/wp-content/uploads/2017/12/foto-10A.jpg" alt="" /></li><li><img decoding="async" src="https://ciudadanosdelmundo.org/wp-content/uploads/2017/12/foto-10B.jpg" alt="" /></li><li><img decoding="async" src="https://ciudadanosdelmundo.org/wp-content/uploads/2017/12/foto-10D.jpg" alt="" /></li><li><img decoding="async" src="https://ciudadanosdelmundo.org/wp-content/uploads/2017/12/foto-10E.jpg" alt="" /></li><li><img decoding="async" src="https://ciudadanosdelmundo.org/wp-content/uploads/2017/12/foto-10G.jpg" alt="" /></li></ul></div>[/vc_column][/vc_row][vc_row top_padding=»40&#8243; bottom_padding=»40&#8243;][vc_column width=»1/1&#8243;][vc_column_text]</p>
<p class="p1"><span class="s1">Esta articulación ha dado lugar a que la Secretaría de Derechos Humanos otorgue su auspicio a nuestra publicación institucional <i>Suplemento del Inmigrante</i>. </span><span class="s2"><i>Foto 7.</i></span><span class="s1"><i> </i>Así como ha motivado una invitación formal a participar de la organización a nivel nacional de la primera celebración del 8 de noviembre como «Día Nacional de los Afroargentinos/as y de la cultura afro», junto a representantes de la Asamblea Permanente de Organizaciones Afro de la Argentina. La publicación digital Suplemento del Inmigrante también fue declarada de interés por la Honorable Cámara de Diputados de la Nación.</span></p>
<p class="p1"><span class="s1">Por otra parte y en coincidencia con los valores de la inclusión social e igualdad de oportunidades que sostenemos como premisa de nuestra acción, más allá de enfocar nuestro trabajo en los migrantes, llevamos adelante desde el año 2012 proyectos de entrenamiento para el trabajo de jóvenes con discapacidad en conjunto con el Ministerio de Trabajo Empleo y Seguridad Social y la Asociación para el Desarrollo de la Educación Especial y la Inclusión.</span></p>
<p>[/vc_column_text][/vc_column][/vc_row][/vc_section][vc_section full_width=»stretch_row» css=».vc_custom_1514567411459{margin-bottom: -60px !important;background-color: #303030 !important;}»][vc_row text_color=»light» top_padding=»40&#8243; bottom_padding=»40&#8243;][vc_column width=»1/2&#8243;]<div class="flexslider wpb_content_element"><ul class="slides"><li><img decoding="async" src="https://ciudadanosdelmundo.org/wp-content/uploads/2017/12/foto-15-1.jpg" alt="" /></li><li><img decoding="async" src="https://ciudadanosdelmundo.org/wp-content/uploads/2017/12/foto-17.jpg" alt="" /></li><li><img decoding="async" src="https://ciudadanosdelmundo.org/wp-content/uploads/2017/12/foto-19.jpg" alt="" /></li><li><img decoding="async" src="https://ciudadanosdelmundo.org/wp-content/uploads/2017/12/foto-22.jpg" alt="" /></li><li><img decoding="async" src="https://ciudadanosdelmundo.org/wp-content/uploads/2017/12/foto-30.jpg" alt="" /></li><li><img decoding="async" src="https://ciudadanosdelmundo.org/wp-content/uploads/2017/12/foto-31.jpg" alt="" /></li><li><img decoding="async" src="https://ciudadanosdelmundo.org/wp-content/uploads/2017/12/foto-33.jpg" alt="" /></li><li><img decoding="async" src="https://ciudadanosdelmundo.org/wp-content/uploads/2017/12/foto-34.jpg" alt="" /></li></ul></div>[/vc_column][vc_column width=»1/2&#8243;][vc_column_text]</p>
<p class="p1"><span class="s1">A lo largo del año 2013 fortalecimos la articulación con el Ministerio de Desarrollo Social de la Nación, sobre todo a través de la inclusión de migrantes dominicanos y senegaleses en el régimen del Monotributo Social.</span></p>
<p class="p1"><span class="s1">Es a partir de esta articulación con el Ministerio de Desarrollo Social que comenzamos a formular posteriormente el proyecto de microcréditos para migrantes y afrodescendientes, que gestionamos con éxito hasta su culminación y entrega de resultados. </span></p>
<p class="p1"><span class="s1">En el año 2014 comenzamos nuestra experiencia con el Jardín Niños del Mundo, que estuvo ubicado en primera instancia en la calle La Rioja 1518, CABA.</span></p>
<p class="p1"><span class="s1">y luego continuó su desarrollo mediante la gestión de un Espacio Educativo de Primera Infancia, en la calle México 1877, CABA donde la Fundación se encuentra actualmente. </span></p>
<p>[/vc_column_text][/vc_column][/vc_row][/vc_section]</p>

<p>[vc_section][vc_row top_padding=»40&#8243; bottom_padding=»40&#8243;][vc_column width=»1/2&#8243;][/vc_column][vc_column width=»1/2&#8243;][vc_column_text] Desde nuestro surgimiento como organización, fueron numerosos los casos en los intervenimos por maltrato policial contra migrantes en diversos procedimientos. Ocurre mayormente contra quienes son los sectores más vulnerables entre los migrantes que residen en Argentina. Ha sido el caso de los extranjeros de origen africano, que en su mayoría subsisten a través de la venta ambulante. Otros son procedentes de República Dominicana, particularmente muchas mujeres que ejercen la prostitución como medio de vida, afrodescendientes en general y todos aquellos que son víctimas de discriminación por su color de piel, rasgos físicos o posición social. Estas actividades realizadas por la Fundación merecieron el agradecimiento de las comunidades migrantes beneficiadas. [/vc_column_text][/vc_column][/vc_row][vc_row][vc_column width=»1/1&#8243;][vc_column_text] Entre los organismos con los que articulamos nuestra acción se encuentra la Dirección Nacional de Migraciones. Como producto del trabajo cotidiano de acompañamiento al migrante en su regularización migratoria, el contacto permanente con esta dirección siempre fue ineludible. A lo largo de varios años hemos recibido la derivación de casos que excedían lo exclusivamente referido a la radicación de personas migrantes y superaban las capacidades de intervención del área de desarrollo social del organismo. La Fundación intervino en varias oportunidades ante atropellos e injusticias [&hellip;]</p>
