{"id":13320,"date":"2017-12-29T00:44:29","date_gmt":"2017-12-29T00:44:29","guid":{"rendered":"http:\/\/ciudadanosdelmundo.org\/sitio\/?page_id=13320"},"modified":"2021-07-12T21:41:09","modified_gmt":"2021-07-12T21:41:09","slug":"mision-vision-objetivos","status":"publish","type":"page","link":"https:\/\/ciudadanosdelmundo.org\/?page_id=13320","title":{"rendered":"Misi\u00f3n, Visi\u00f3n, Objetivos"},"content":{"rendered":"<p>[vc_section][vc_row top_padding=\u00bb40&#8243; bottom_padding=\u00bb40&#8243;][vc_column width=\u00bb1\/1&#8243;]<h3 class=\"headline font-inherit fontsize-xl fontweight-600 lh-inherit align-center transform-inherit \" style=\"margin: 0 0 20px 0;\">MISI\u00d3N<\/h3><div class=\"newdivider align-center\" style=\"border-bottom-style: solid; border-color: #00aeef; border-bottom-width: 3px; margin-top: 0; margin-bottom: 30px; width: 120px; \"><\/div><div class=\"clear\"><\/div>[vc_column_text]Nuestra misi\u00f3n es ayudar a mitigar las problem\u00e1ticas de la poblaci\u00f3n que experimenta situaciones de vulnerabilidad, afirmados en los valores de defensa de los Derechos Humanos, respeto por la diversidad, la riqueza cultural, la dignidad humana y el compromiso solidario.<\/p>\n<p>Contribuimos con las y los:[\/vc_column_text]<div class=\"minti_list wpb_content_element color-accent dotcircle\" style=\"\">\n<ul>\n<li>Inmigrantes y refugiados residentes en la Argentina, \u00a0en el desaf\u00edo que representa el proceso de inserci\u00f3n en la sociedad.<\/li>\n<li>Ni\u00f1os en primera infancia, en la adopci\u00f3n de autonom\u00eda y solidaridad.<\/li>\n<li>V\u00edctimas de violencia en todas sus formas, en asistencia legal, capacitaci\u00f3n y adquisici\u00f3n de independencia y empoderamiento.<\/li>\n<li>Poblaci\u00f3n en general, fomentando una cultura de paz, convivencia, tolerancia y autocontrol, colaborando para una mejor calidad de vida.<\/li>\n<\/ul>\n<\/div>[\/vc_column][\/vc_row][\/vc_section][vc_section full_width=\u00bbstretch_row\u00bb css=\u00bb.vc_custom_1514508841536{background-color: #f7f7f7 !important;}\u00bb][vc_row top_padding=\u00bb40&#8243; bottom_padding=\u00bb40&#8243;][vc_column width=\u00bb1\/1&#8243;]<h3 class=\"headline font-inherit fontsize-xl fontweight-600 lh-inherit align-center transform-inherit \" style=\"margin: 0 0 20px 0;\">VISI\u00d3N<\/h3><div class=\"newdivider align-center\" style=\"border-bottom-style: solid; border-color: #00aeef; border-bottom-width: 3px; margin-top: 0; margin-bottom: 30px; width: 120px; \"><\/div><div class=\"clear\"><\/div>[vc_column_text]Una sociedad asentada bajo los principios de diversidad, integraci\u00f3n y respeto, que incorpore e incluya en situaci\u00f3n de igualdad a todos los grupos y personas que la constituyen.[\/vc_column_text][\/vc_column][\/vc_row][\/vc_section][vc_section full_width=\u00bbstretch_row\u00bb][vc_row top_padding=\u00bb40&#8243; bottom_padding=\u00bb40&#8243;][vc_column width=\u00bb1\/1&#8243;]<h3 class=\"headline font-inherit fontsize-xl fontweight-600 lh-inherit align-center transform-inherit \" style=\"margin: 0 0 20px 0;\">OBJETIVOS<\/h3><div class=\"newdivider align-center\" style=\"border-bottom-style: solid; border-color: #00aeef; border-bottom-width: 3px; margin-top: 0; margin-bottom: 30px; width: 120px; \"><\/div><div class=\"clear\"><\/div><div class=\"minti_list wpb_content_element color-accent dotcircle\" style=\"\">\n<ul>\n<li class=\"p1\"><span class=\"s1\">Constituir un espacio institucional solidario de primer nivel dedicado a la atenci\u00f3n de diversas poblaciones vulnerables en la Argentina mediante la formaci\u00f3n de sus capacidades y la defensa de sus derechos.<\/span><\/li>\n<li class=\"p1\"><span class=\"s1\">Asistir a las personas para lograr una mejor inserci\u00f3n social, intercambio cultural y calidad de vida.<\/span><\/li>\n<li class=\"p1\"><span class=\"s1\">Desarrollar programas de concientizaci\u00f3n, dirigidos a la sociedad, respecto de los derechos, capacidades, intereses y posibilidades de las poblaciones e instituciones en situaci\u00f3n de vulnerabilidad a fin de lograr una \u00f3ptima convivencia de todos los ciudadanos.<\/span><\/li>\n<li class=\"p1\"><span class=\"s1\">Implementar proyectos de car\u00e1cter jur\u00eddico, econ\u00f3mico y social encaminados al mejoramiento directo de las condiciones de vida de las personas e instituciones en situaci\u00f3n de vulnerabilidad.<\/span><\/li>\n<\/ul>\n<\/div>[\/vc_column][\/vc_row][\/vc_section]<\/p>\n","protected":false},"excerpt":{"rendered":"<p>[vc_section][vc_row top_padding=\u00bb40&#8243; bottom_padding=\u00bb40&#8243;][vc_column width=\u00bb1\/1&#8243;][vc_column_text]Nuestra misi\u00f3n es ayudar a mitigar las problem\u00e1ticas de la poblaci\u00f3n que experimenta situaciones de vulnerabilidad, afirmados en los valores de defensa de los Derechos Humanos, respeto por la diversidad, la riqueza cultural, la dignidad humana y el compromiso solidario. Contribuimos con las y los:[\/vc_column_text][\/vc_column][\/vc_row][\/vc_section][vc_section full_width=\u00bbstretch_row\u00bb css=\u00bb.vc_custom_1514508841536{background-color: #f7f7f7 !important;}\u00bb][vc_row top_padding=\u00bb40&#8243; bottom_padding=\u00bb40&#8243;][vc_column width=\u00bb1\/1&#8243;][vc_column_text]Una sociedad asentada bajo los principios de diversidad, integraci\u00f3n y respeto, que incorpore e incluya en situaci\u00f3n de igualdad a todos los grupos y personas que la constituyen.[\/vc_column_text][\/vc_column][\/vc_row][\/vc_section][vc_section full_width=\u00bbstretch_row\u00bb][vc_row top_padding=\u00bb40&#8243; bottom_padding=\u00bb40&#8243;][vc_column width=\u00bb1\/1&#8243;][\/vc_column][\/vc_row][\/vc_section]<\/p>\n","protected":false},"author":1,"featured_media":0,"parent":0,"menu_order":0,"comment_status":"closed","ping_status":"closed","template":"","meta":{"footnotes":""},"class_list":["post-13320","page","type-page","status-publish","hentry"],"_links":{"self":[{"href":"https:\/\/ciudadanosdelmundo.org\/index.php?rest_route=\/wp\/v2\/pages\/13320","targetHints":{"allow":["GET"]}}],"collection":[{"href":"https:\/\/ciudadanosdelmundo.org\/index.php?rest_route=\/wp\/v2\/pages"}],"about":[{"href":"https:\/\/ciudadanosdelmundo.org\/index.php?rest_route=\/wp\/v2\/types\/page"}],"author":[{"embeddable":true,"href":"https:\/\/ciudadanosdelmundo.org\/index.php?rest_route=\/wp\/v2\/users\/1"}],"replies":[{"embeddable":true,"href":"https:\/\/ciudadanosdelmundo.org\/index.php?rest_route=%2Fwp%2Fv2%2Fcomments&post=13320"}],"version-history":[{"count":40,"href":"https:\/\/ciudadanosdelmundo.org\/index.php?rest_route=\/wp\/v2\/pages\/13320\/revisions"}],"predecessor-version":[{"id":14178,"href":"https:\/\/ciudadanosdelmundo.org\/index.php?rest_route=\/wp\/v2\/pages\/13320\/revisions\/14178"}],"wp:attachment":[{"href":"https:\/\/ciudadanosdelmundo.org\/index.php?rest_route=%2Fwp%2Fv2%2Fmedia&parent=13320"}],"curies":[{"name":"wp","href":"https:\/\/api.w.org\/{rel}","templated":true}]}}

Misión, Visión, Objetivos

<p>[vc_section][vc_row top_padding=»40&#8243; bottom_padding=»40&#8243;][vc_column width=»1/1&#8243;]<h3 class="headline font-inherit fontsize-xl fontweight-600 lh-inherit align-center transform-inherit " style="margin: 0 0 20px 0;">MISIÓN</h3><div class="newdivider align-center" style="border-bottom-style: solid; border-color: #00aeef; border-bottom-width: 3px; margin-top: 0; margin-bottom: 30px; width: 120px; "></div><div class="clear"></div>[vc_column_text]Nuestra misión es ayudar a mitigar las problemáticas de la población que experimenta situaciones de vulnerabilidad, afirmados en los valores de defensa de los Derechos Humanos, respeto por la diversidad, la riqueza cultural, la dignidad humana y el compromiso solidario.</p>
<p>Contribuimos con las y los:[/vc_column_text]<div class="minti_list wpb_content_element color-accent dotcircle" style="">
<ul>
<li>Inmigrantes y refugiados residentes en la Argentina,  en el desafío que representa el proceso de inserción en la sociedad.</li>
<li>Niños en primera infancia, en la adopción de autonomía y solidaridad.</li>
<li>Víctimas de violencia en todas sus formas, en asistencia legal, capacitación y adquisición de independencia y empoderamiento.</li>
<li>Población en general, fomentando una cultura de paz, convivencia, tolerancia y autocontrol, colaborando para una mejor calidad de vida.</li>
</ul>
</div>[/vc_column][/vc_row][/vc_section][vc_section full_width=»stretch_row» css=».vc_custom_1514508841536{background-color: #f7f7f7 !important;}»][vc_row top_padding=»40&#8243; bottom_padding=»40&#8243;][vc_column width=»1/1&#8243;]<h3 class="headline font-inherit fontsize-xl fontweight-600 lh-inherit align-center transform-inherit " style="margin: 0 0 20px 0;">VISIÓN</h3><div class="newdivider align-center" style="border-bottom-style: solid; border-color: #00aeef; border-bottom-width: 3px; margin-top: 0; margin-bottom: 30px; width: 120px; "></div><div class="clear"></div>[vc_column_text]Una sociedad asentada bajo los principios de diversidad, integración y respeto, que incorpore e incluya en situación de igualdad a todos los grupos y personas que la constituyen.[/vc_column_text][/vc_column][/vc_row][/vc_section][vc_section full_width=»stretch_row»][vc_row top_padding=»40&#8243; bottom_padding=»40&#8243;][vc_column width=»1/1&#8243;]<h3 class="headline font-inherit fontsize-xl fontweight-600 lh-inherit align-center transform-inherit " style="margin: 0 0 20px 0;">OBJETIVOS</h3><div class="newdivider align-center" style="border-bottom-style: solid; border-color: #00aeef; border-bottom-width: 3px; margin-top: 0; margin-bottom: 30px; width: 120px; "></div><div class="clear"></div><div class="minti_list wpb_content_element color-accent dotcircle" style="">
<ul>
<li class="p1"><span class="s1">Constituir un espacio institucional solidario de primer nivel dedicado a la atención de diversas poblaciones vulnerables en la Argentina mediante la formación de sus capacidades y la defensa de sus derechos.</span></li>
<li class="p1"><span class="s1">Asistir a las personas para lograr una mejor inserción social, intercambio cultural y calidad de vida.</span></li>
<li class="p1"><span class="s1">Desarrollar programas de concientización, dirigidos a la sociedad, respecto de los derechos, capacidades, intereses y posibilidades de las poblaciones e instituciones en situación de vulnerabilidad a fin de lograr una óptima convivencia de todos los ciudadanos.</span></li>
<li class="p1"><span class="s1">Implementar proyectos de carácter jurídico, económico y social encaminados al mejoramiento directo de las condiciones de vida de las personas e instituciones en situación de vulnerabilidad.</span></li>
</ul>
</div>[/vc_column][/vc_row][/vc_section]</p>

<p>[vc_section][vc_row top_padding=»40&#8243; bottom_padding=»40&#8243;][vc_column width=»1/1&#8243;][vc_column_text]Nuestra misión es ayudar a mitigar las problemáticas de la población que experimenta situaciones de vulnerabilidad, afirmados en los valores de defensa de los Derechos Humanos, respeto por la diversidad, la riqueza cultural, la dignidad humana y el compromiso solidario. Contribuimos con las y los:[/vc_column_text][/vc_column][/vc_row][/vc_section][vc_section full_width=»stretch_row» css=».vc_custom_1514508841536{background-color: #f7f7f7 !important;}»][vc_row top_padding=»40&#8243; bottom_padding=»40&#8243;][vc_column width=»1/1&#8243;][vc_column_text]Una sociedad asentada bajo los principios de diversidad, integración y respeto, que incorpore e incluya en situación de igualdad a todos los grupos y personas que la constituyen.[/vc_column_text][/vc_column][/vc_row][/vc_section][vc_section full_width=»stretch_row»][vc_row top_padding=»40&#8243; bottom_padding=»40&#8243;][vc_column width=»1/1&#8243;][/vc_column][/vc_row][/vc_section]</p>
