{"id":13309,"date":"2017-12-29T00:27:52","date_gmt":"2017-12-29T00:27:52","guid":{"rendered":"http:\/\/ciudadanosdelmundo.org\/sitio\/?page_id=13309"},"modified":"2021-07-12T21:07:27","modified_gmt":"2021-07-12T21:07:27","slug":"historia","status":"publish","type":"page","link":"https:\/\/ciudadanosdelmundo.org\/?page_id=13309","title":{"rendered":"Historia"},"content":{"rendered":"<p>[vc_section][vc_row][vc_column width=\u00bb1\/1&#8243;][vc_column_text]La FUNDACION CIUDADANOS DEL MUNDO naci\u00f3 en la localidad de Gregorio de Laferrere, Provincia de Buenos Aires, Argentina, en el a\u00f1o 2008, a ra\u00edz de la preocupaci\u00f3n por la alta vulnerabilidad en la que viven diversos grupos de nuestra sociedad.<\/p>\n<p>La primera \u00e9poca de la Fundaci\u00f3n se concentr\u00f3 en mitigar la situaci\u00f3n de vulnerabilidad de los inmigrantes y refugiados.<\/p>\n<p>Dentro de una realidad mundial compleja, la Migraci\u00f3n genera desconocimiento y miedo hacia \u00ablo diferente\u00bb. As\u00ed, la figura del inmigrante y refugiado es v\u00edctima de discriminaci\u00f3n, estigmatizaci\u00f3n e intolerancia cultural y religiosa y a ello se suma el desarraigo, la incertidumbre, y la soledad de estar lejos del lugar de origen, afectando profundamente las posibilidades de integrarse a la sociedad.<\/p>\n<p>La Comunidad toda pierde una enriquecedora oportunidad de intercambio social y cultural.<\/p>\n<p>Por ello, la Fundaci\u00f3n se constituy\u00f3 como un espacio de promoci\u00f3n de la inclusi\u00f3n, la integridad y el respeto por los derechos de inmigrantes y refugiados, brind\u00e1ndoles asistencia integral teniendo en cuenta una multiplicidad de aspectos de las vidas.[\/vc_column_text][\/vc_column][\/vc_row][\/vc_section][vc_section full_width=\u00bbstretch_row\u00bb content_placement=\u00bbmiddle\u00bb css=\u00bb.vc_custom_1514567190247{background-image: url(http:\/\/ciudadanosdelmundo.org\/sitio\/wp-content\/uploads\/2017\/12\/ayudar-bg.jpg?id=13287) !important;background-position: center !important;background-repeat: no-repeat !important;background-size: cover !important;}\u00bb][vc_row][vc_column width=\u00bb1\/3&#8243;][\/vc_column][vc_column column_padding=\u00bbpadding-5&#8243; column_center=\u00bbtrue\u00bb width=\u00bb2\/3&#8243;][vc_column_text]Posteriormente, la Fundaci\u00f3n se aboc\u00f3 a otro sector vulnerable por definici\u00f3n, la Primera Infancia. Ni\u00f1os y ni\u00f1as son receptores de las vulnerabilidades provenientes de diversas fuentes, como sus familias, sus entornos inmediatos y la situaci\u00f3n socio-econ\u00f3mica general. Sus primeros a\u00f1os de vida son fundamentales para su futuro desarrollo como personas.<\/p>\n<p>La preocupaci\u00f3n por educar ni\u00f1os sanos, maduros y aut\u00f3nomos llev\u00f3 a la Fundaci\u00f3n a trabajar junto con el gobierno de la Ciudad de Buenos Aires y dar origen al Espacio Educativo de Primera Infancia E.E.P.I \u00bb Ni\u00f1os del Mundo\u00bb, en el a\u00f1o 2014, hasta la actualidad; al que asisten, anualmente, 120 ni\u00f1os y ni\u00f1as de 2 y 3.[\/vc_column_text][\/vc_column][\/vc_row][\/vc_section][vc_section][vc_row top_padding=\u00bb60&#8243; bottom_padding=\u00bb60&#8243;][vc_column width=\u00bb1\/1&#8243;][vc_column_text]Nuestra experiencia continu\u00f3 en la gesti\u00f3n del Plan Nacional de Primera Infancia desde el a\u00f1o 2016 hasta el a\u00f1o 2019 para un conjunto de 13 Espacios Educativos de Primera Infancia en el Municipio de La Matanza, en la provincia de Buenos Aires, Argentina.<\/p>\n<p>Desde los inicios, y en la actualidad, se brinda ayuda a comedores , merenderos, instituciones de salud, a hogares de ni\u00f1os y adultos, familias, e instituciones educativas de la Provincia de Buenos Aires y la Ciudad Aut\u00f3noma de Buenos Aires[\/vc_column_text][\/vc_column][\/vc_row][\/vc_section][vc_section full_width=\u00bbstretch_row\u00bb css=\u00bb.vc_custom_1514508116315{background-color: #f7f7f7 !important;}\u00bb][vc_row top_padding=\u00bb40&#8243; bottom_padding=\u00bb40&#8243;][vc_column width=\u00bb1\/1&#8243;]<h3 class=\"headline font-inherit fontsize-xl fontweight-600 lh-inherit align-center transform-inherit \" style=\"margin: 0 0 20px 0;\">PUBLICACIONES<\/h3><div class=\"newdivider align-center\" style=\"border-bottom-style: solid; border-color: #00aeef; border-bottom-width: 3px; margin-top: 0; margin-bottom: 30px; width: 120px; \"><\/div><div class=\"clear\"><\/div><div class=\"latest-blog style-white\"\"><div class=\"blog-carousel\"><div class=\"blog-item\"><a href=\"https:\/\/ciudadanosdelmundo.org\/?p=13873\" title=\"Barriletes al viento por el Dia de la Bandera\" class=\"blog-pic\"><img decoding=\"async\" src=\"https:\/\/ciudadanosdelmundo.org\/wp-content\/uploads\/2018\/06\/barriletes-600x400.jpg\" alt=\"Barriletes al viento por el Dia de la Bandera\" \/><span class=\"blog-overlay\"><\/span><i class=\"fa fa-align-left\"><\/i><\/a><div class=\"blog-item-description\">\n\t\t\t\t\t\t\t<h4><a href=\"https:\/\/ciudadanosdelmundo.org\/?p=13873\" title=\"Barriletes al viento por el Dia de la Bandera\">Barriletes al viento por el Dia de la Bandera<\/a><\/h4>\n\t\t\t\t\t  \t\t<div>\"Sembramos ilusi\u00f3n\". Con esa premisa, las docentes del jard\u00edn \"Rayito de Sol\", en Virrey del Pino, La Matanza, trabajaron junto... <a class=\"read-more-link\" href=\"https:\/\/ciudadanosdelmundo.org\/?p=13873\">read more  &rarr;<\/a><\/div>\n\t\t\t\t\t  \t\t<span>junio 28, 2018<\/span>\n\t\t\t\t  \t\t<\/div><\/div><div class=\"blog-item\"><a href=\"https:\/\/ciudadanosdelmundo.org\/?p=13815\" title=\"Alertamos por casos de desnutrici\u00f3n en La Matanza\" class=\"blog-pic\"><img decoding=\"async\" src=\"https:\/\/ciudadanosdelmundo.org\/wp-content\/uploads\/2018\/06\/Captura-de-pantalla-2018-06-11-a-las-4.57.23-p.m.-600x400.png\" alt=\"Alertamos por casos de desnutrici\u00f3n en La Matanza\" \/><span class=\"blog-overlay\"><\/span><i class=\"fa fa-align-left\"><\/i><\/a><div class=\"blog-item-description\">\n\t\t\t\t\t\t\t<h4><a href=\"https:\/\/ciudadanosdelmundo.org\/?p=13815\" title=\"Alertamos por casos de desnutrici\u00f3n en La Matanza\">Alertamos por casos de desnutrici\u00f3n en La Matanza<\/a><\/h4>\n\t\t\t\t\t  \t\t<div>La Fundaci\u00f3n Ciudadanos del Mundo revel\u00f3 que en los \u00faltimos meses se incrementaron los casos de desnutrici\u00f3n entre los 1200... <a class=\"read-more-link\" href=\"https:\/\/ciudadanosdelmundo.org\/?p=13815\">read more  &rarr;<\/a><\/div>\n\t\t\t\t\t  \t\t<span>junio 11, 2018<\/span>\n\t\t\t\t  \t\t<\/div><\/div><\/div><\/div><div class=\"clear\"><\/div>[\/vc_column][\/vc_row][\/vc_section]<\/p>\n","protected":false},"excerpt":{"rendered":"<p>[vc_section][vc_row][vc_column width=\u00bb1\/1&#8243;][vc_column_text]La FUNDACION CIUDADANOS DEL MUNDO naci\u00f3 en la localidad de Gregorio de Laferrere, Provincia de Buenos Aires, Argentina, en el a\u00f1o 2008, a ra\u00edz de la preocupaci\u00f3n por la alta vulnerabilidad en la que viven diversos grupos de nuestra sociedad. La primera \u00e9poca de la Fundaci\u00f3n se concentr\u00f3 en mitigar la situaci\u00f3n de vulnerabilidad de los inmigrantes y refugiados. Dentro de una realidad mundial compleja, la Migraci\u00f3n genera desconocimiento y miedo hacia \u00ablo diferente\u00bb. As\u00ed, la figura del inmigrante y refugiado es v\u00edctima de discriminaci\u00f3n, estigmatizaci\u00f3n e intolerancia cultural y religiosa y a ello se suma el desarraigo, la incertidumbre, y la soledad de estar lejos del lugar de origen, afectando profundamente las posibilidades de integrarse a la sociedad. La Comunidad toda pierde una enriquecedora oportunidad de intercambio social y cultural. Por ello, la Fundaci\u00f3n se constituy\u00f3 como un espacio de promoci\u00f3n de la inclusi\u00f3n, la integridad y el respeto por los derechos de inmigrantes y refugiados, brind\u00e1ndoles asistencia integral teniendo en cuenta una multiplicidad de aspectos de las vidas.[\/vc_column_text][\/vc_column][\/vc_row][\/vc_section][vc_section full_width=\u00bbstretch_row\u00bb content_placement=\u00bbmiddle\u00bb css=\u00bb.vc_custom_1514567190247{background-image: url(http:\/\/ciudadanosdelmundo.org\/sitio\/wp-content\/uploads\/2017\/12\/ayudar-bg.jpg?id=13287) !important;background-position: center !important;background-repeat: no-repeat !important;background-size: cover !important;}\u00bb][vc_row][vc_column width=\u00bb1\/3&#8243;][\/vc_column][vc_column column_padding=\u00bbpadding-5&#8243; column_center=\u00bbtrue\u00bb width=\u00bb2\/3&#8243;][vc_column_text]Posteriormente, la Fundaci\u00f3n se aboc\u00f3 a otro sector vulnerable por definici\u00f3n, la Primera Infancia. Ni\u00f1os [&hellip;]<\/p>\n","protected":false},"author":1,"featured_media":0,"parent":0,"menu_order":0,"comment_status":"closed","ping_status":"closed","template":"","meta":{"footnotes":""},"class_list":["post-13309","page","type-page","status-publish","hentry"],"_links":{"self":[{"href":"https:\/\/ciudadanosdelmundo.org\/index.php?rest_route=\/wp\/v2\/pages\/13309","targetHints":{"allow":["GET"]}}],"collection":[{"href":"https:\/\/ciudadanosdelmundo.org\/index.php?rest_route=\/wp\/v2\/pages"}],"about":[{"href":"https:\/\/ciudadanosdelmundo.org\/index.php?rest_route=\/wp\/v2\/types\/page"}],"author":[{"embeddable":true,"href":"https:\/\/ciudadanosdelmundo.org\/index.php?rest_route=\/wp\/v2\/users\/1"}],"replies":[{"embeddable":true,"href":"https:\/\/ciudadanosdelmundo.org\/index.php?rest_route=%2Fwp%2Fv2%2Fcomments&post=13309"}],"version-history":[{"count":14,"href":"https:\/\/ciudadanosdelmundo.org\/index.php?rest_route=\/wp\/v2\/pages\/13309\/revisions"}],"predecessor-version":[{"id":14159,"href":"https:\/\/ciudadanosdelmundo.org\/index.php?rest_route=\/wp\/v2\/pages\/13309\/revisions\/14159"}],"wp:attachment":[{"href":"https:\/\/ciudadanosdelmundo.org\/index.php?rest_route=%2Fwp%2Fv2%2Fmedia&parent=13309"}],"curies":[{"name":"wp","href":"https:\/\/api.w.org\/{rel}","templated":true}]}}

<p>[vc_section][vc_row][vc_column width=»1/1&#8243;][vc_column_text]La FUNDACION CIUDADANOS DEL MUNDO nació en la localidad de Gregorio de Laferrere, Provincia de Buenos Aires, Argentina, en el año 2008, a raíz de la preocupación por la alta vulnerabilidad en la que viven diversos grupos de nuestra sociedad.</p>
<p>La primera época de la Fundación se concentró en mitigar la situación de vulnerabilidad de los inmigrantes y refugiados.</p>
<p>Dentro de una realidad mundial compleja, la Migración genera desconocimiento y miedo hacia «lo diferente». Así, la figura del inmigrante y refugiado es víctima de discriminación, estigmatización e intolerancia cultural y religiosa y a ello se suma el desarraigo, la incertidumbre, y la soledad de estar lejos del lugar de origen, afectando profundamente las posibilidades de integrarse a la sociedad.</p>
<p>La Comunidad toda pierde una enriquecedora oportunidad de intercambio social y cultural.</p>
<p>Por ello, la Fundación se constituyó como un espacio de promoción de la inclusión, la integridad y el respeto por los derechos de inmigrantes y refugiados, brindándoles asistencia integral teniendo en cuenta una multiplicidad de aspectos de las vidas.[/vc_column_text][/vc_column][/vc_row][/vc_section][vc_section full_width=»stretch_row» content_placement=»middle» css=».vc_custom_1514567190247{background-image: url(http://ciudadanosdelmundo.org/sitio/wp-content/uploads/2017/12/ayudar-bg.jpg?id=13287) !important;background-position: center !important;background-repeat: no-repeat !important;background-size: cover !important;}»][vc_row][vc_column width=»1/3&#8243;][/vc_column][vc_column column_padding=»padding-5&#8243; column_center=»true» width=»2/3&#8243;][vc_column_text]Posteriormente, la Fundación se abocó a otro sector vulnerable por definición, la Primera Infancia. Niños y niñas son receptores de las vulnerabilidades provenientes de diversas fuentes, como sus familias, sus entornos inmediatos y la situación socio-económica general. Sus primeros años de vida son fundamentales para su futuro desarrollo como personas.</p>
<p>La preocupación por educar niños sanos, maduros y autónomos llevó a la Fundación a trabajar junto con el gobierno de la Ciudad de Buenos Aires y dar origen al Espacio Educativo de Primera Infancia E.E.P.I » Niños del Mundo», en el año 2014, hasta la actualidad; al que asisten, anualmente, 120 niños y niñas de 2 y 3.[/vc_column_text][/vc_column][/vc_row][/vc_section][vc_section][vc_row top_padding=»60&#8243; bottom_padding=»60&#8243;][vc_column width=»1/1&#8243;][vc_column_text]Nuestra experiencia continuó en la gestión del Plan Nacional de Primera Infancia desde el año 2016 hasta el año 2019 para un conjunto de 13 Espacios Educativos de Primera Infancia en el Municipio de La Matanza, en la provincia de Buenos Aires, Argentina.</p>
<p>Desde los inicios, y en la actualidad, se brinda ayuda a comedores , merenderos, instituciones de salud, a hogares de niños y adultos, familias, e instituciones educativas de la Provincia de Buenos Aires y la Ciudad Autónoma de Buenos Aires[/vc_column_text][/vc_column][/vc_row][/vc_section][vc_section full_width=»stretch_row» css=».vc_custom_1514508116315{background-color: #f7f7f7 !important;}»][vc_row top_padding=»40&#8243; bottom_padding=»40&#8243;][vc_column width=»1/1&#8243;]<h3 class="headline font-inherit fontsize-xl fontweight-600 lh-inherit align-center transform-inherit " style="margin: 0 0 20px 0;">PUBLICACIONES</h3><div class="newdivider align-center" style="border-bottom-style: solid; border-color: #00aeef; border-bottom-width: 3px; margin-top: 0; margin-bottom: 30px; width: 120px; "></div><div class="clear"></div><div class="latest-blog style-white""><div class="blog-carousel"><div class="blog-item"><a href="https://ciudadanosdelmundo.org/?p=13873" title="Barriletes al viento por el Dia de la Bandera" class="blog-pic"><img decoding="async" src="https://ciudadanosdelmundo.org/wp-content/uploads/2018/06/barriletes-600x400.jpg" alt="Barriletes al viento por el Dia de la Bandera" /><span class="blog-overlay"></span><i class="fa fa-align-left"></i></a><div class="blog-item-description">
							<h4><a href="https://ciudadanosdelmundo.org/?p=13873" title="Barriletes al viento por el Dia de la Bandera">Barriletes al viento por el Dia de la Bandera</a></h4>
					  		<div>"Sembramos ilusión". Con esa premisa, las docentes del jardín "Rayito de Sol", en Virrey del Pino, La Matanza, trabajaron junto... <a class="read-more-link" href="https://ciudadanosdelmundo.org/?p=13873">read more  &rarr;</a></div>
					  		<span>junio 28, 2018</span>
				  		</div></div><div class="blog-item"><a href="https://ciudadanosdelmundo.org/?p=13815" title="Alertamos por casos de desnutrición en La Matanza" class="blog-pic"><img decoding="async" src="https://ciudadanosdelmundo.org/wp-content/uploads/2018/06/Captura-de-pantalla-2018-06-11-a-las-4.57.23-p.m.-600x400.png" alt="Alertamos por casos de desnutrición en La Matanza" /><span class="blog-overlay"></span><i class="fa fa-align-left"></i></a><div class="blog-item-description">
							<h4><a href="https://ciudadanosdelmundo.org/?p=13815" title="Alertamos por casos de desnutrición en La Matanza">Alertamos por casos de desnutrición en La Matanza</a></h4>
					  		<div>La Fundación Ciudadanos del Mundo reveló que en los últimos meses se incrementaron los casos de desnutrición entre los 1200... <a class="read-more-link" href="https://ciudadanosdelmundo.org/?p=13815">read more  &rarr;</a></div>
					  		<span>junio 11, 2018</span>
				  		</div></div></div></div><div class="clear"></div>[/vc_column][/vc_row][/vc_section]</p>

<p>[vc_section][vc_row][vc_column width=»1/1&#8243;][vc_column_text]La FUNDACION CIUDADANOS DEL MUNDO nació en la localidad de Gregorio de Laferrere, Provincia de Buenos Aires, Argentina, en el año 2008, a raíz de la preocupación por la alta vulnerabilidad en la que viven diversos grupos de nuestra sociedad. La primera época de la Fundación se concentró en mitigar la situación de vulnerabilidad de los inmigrantes y refugiados. Dentro de una realidad mundial compleja, la Migración genera desconocimiento y miedo hacia «lo diferente». Así, la figura del inmigrante y refugiado es víctima de discriminación, estigmatización e intolerancia cultural y religiosa y a ello se suma el desarraigo, la incertidumbre, y la soledad de estar lejos del lugar de origen, afectando profundamente las posibilidades de integrarse a la sociedad. La Comunidad toda pierde una enriquecedora oportunidad de intercambio social y cultural. Por ello, la Fundación se constituyó como un espacio de promoción de la inclusión, la integridad y el respeto por los derechos de inmigrantes y refugiados, brindándoles asistencia integral teniendo en cuenta una multiplicidad de aspectos de las vidas.[/vc_column_text][/vc_column][/vc_row][/vc_section][vc_section full_width=»stretch_row» content_placement=»middle» css=».vc_custom_1514567190247{background-image: url(http://ciudadanosdelmundo.org/sitio/wp-content/uploads/2017/12/ayudar-bg.jpg?id=13287) !important;background-position: center !important;background-repeat: no-repeat !important;background-size: cover !important;}»][vc_row][vc_column width=»1/3&#8243;][/vc_column][vc_column column_padding=»padding-5&#8243; column_center=»true» width=»2/3&#8243;][vc_column_text]Posteriormente, la Fundación se abocó a otro sector vulnerable por definición, la Primera Infancia. Niños [&hellip;]</p>
